CRAN Package Check Results for Package statar

Last updated on 2025-02-03 05:49:19 CET.

Flavor Version Tinstall Tcheck Ttotal Status Flags
r-devel-linux-x86_64-debian-clang 0.7.6 6.46 59.17 65.63 NOTE
r-devel-linux-x86_64-debian-gcc 0.7.6 3.83 44.70 48.53 NOTE
r-devel-linux-x86_64-fedora-clang 0.7.6 103.87 OK
r-devel-linux-x86_64-fedora-gcc 0.7.6 112.01 OK
r-devel-windows-x86_64 0.7.6 7.00 77.00 84.00 NOTE
r-patched-linux-x86_64 0.7.6 9.53 55.12 64.65 OK
r-release-linux-x86_64 0.7.6 4.53 56.00 60.53 OK
r-release-macos-arm64 0.7.6 40.00 OK
r-release-macos-x86_64 0.7.6 64.00 OK
r-release-windows-x86_64 0.7.6 8.00 73.00 81.00 OK
r-oldrel-macos-arm64 0.7.6 42.00 OK
r-oldrel-macos-x86_64 0.7.6 84.00 OK
r-oldrel-windows-x86_64 0.7.6 10.00 90.00 100.00 OK

Check Details

Version: 0.7.6
Check: Rd cross-references
Result: NOTE Found the following Rd file(s) with Rd \link{} targets missing package anchors: elapsed.Rd: week, month, year Please provide package anchors for all Rd \link{} targets not in the package itself and the base packages. Flavors: r-devel-linux-x86_64-debian-clang, r-devel-linux-x86_64-debian-gcc, r-devel-windows-x86_64