Last updated on 2024-06-30 05:53:20 CEST.
Flavor | Version | Tinstall | Tcheck | Ttotal | Status | Flags |
---|---|---|---|---|---|---|
r-devel-linux-x86_64-debian-clang | 1.1.10 | 14.34 | 107.40 | 121.74 | NOTE | |
r-devel-linux-x86_64-debian-gcc | 1.1.10 | 9.91 | 80.48 | 90.39 | NOTE | |
r-devel-linux-x86_64-fedora-clang | 1.1.10 | 149.95 | NOTE | |||
r-devel-linux-x86_64-fedora-gcc | 1.1.10 | 144.66 | NOTE | |||
r-devel-windows-x86_64 | 1.1.10 | 12.00 | 93.00 | 105.00 | NOTE | |
r-patched-linux-x86_64 | 1.1.10 | 12.08 | 101.89 | 113.97 | NOTE | |
r-release-linux-x86_64 | 1.1.10 | 12.85 | 104.70 | 117.55 | NOTE | |
r-release-macos-arm64 | 1.1.10 | 43.00 | NOTE | |||
r-release-macos-x86_64 | 1.1.10 | 63.00 | NOTE | |||
r-release-windows-x86_64 | 1.1.10 | 14.00 | 93.00 | 107.00 | NOTE | |
r-oldrel-macos-arm64 | 1.1.10 | 44.00 | NOTE | |||
r-oldrel-macos-x86_64 | 1.1.10 | 76.00 | NOTE | |||
r-oldrel-windows-x86_64 | 1.1.10 | 17.00 | 120.00 | 137.00 | NOTE |
Version: 1.1.10
Check: Rd files
Result: NOTE
checkRd: (-1) multiCUMSUM.Rd:33: Escaped LaTeX specials: \&
Flavors: r-devel-linux-x86_64-debian-clang, r-devel-linux-x86_64-debian-gcc, r-devel-linux-x86_64-fedora-clang, r-devel-linux-x86_64-fedora-gcc, r-devel-windows-x86_64, r-patched-linux-x86_64, r-release-linux-x86_64, r-release-macos-arm64, r-release-macos-x86_64, r-release-windows-x86_64, r-oldrel-macos-arm64, r-oldrel-macos-x86_64, r-oldrel-windows-x86_64