Last updated on 2024-08-07 05:50:16 CEST.
Flavor | Version | Tinstall | Tcheck | Ttotal | Status | Flags |
---|---|---|---|---|---|---|
r-devel-linux-x86_64-debian-clang | 1.1-1 | 7.63 | 67.66 | 75.29 | OK | |
r-devel-linux-x86_64-debian-gcc | 1.1-1 | 5.31 | 50.98 | 56.29 | OK | |
r-devel-linux-x86_64-fedora-clang | 1.1-1 | 125.20 | OK | |||
r-devel-linux-x86_64-fedora-gcc | 1.1-1 | 113.52 | OK | |||
r-devel-windows-x86_64 | 1.1-1 | 9.00 | 77.00 | 86.00 | OK | |
r-patched-linux-x86_64 | 1.1-1 | 7.77 | 64.77 | 72.54 | OK | |
r-release-linux-x86_64 | 1.1-1 | 7.30 | 65.54 | 72.84 | OK | |
r-release-macos-arm64 | 1.1-1 | 37.00 | OK | |||
r-release-macos-x86_64 | 1.1-1 | 54.00 | OK | |||
r-release-windows-x86_64 | 1.1-1 | 9.00 | 81.00 | 90.00 | OK | |
r-oldrel-macos-arm64 | 1.1-1 | 38.00 | OK | |||
r-oldrel-macos-x86_64 | 1.1-1 | 64.00 | NOTE | |||
r-oldrel-windows-x86_64 | 1.1-1 | 11.00 | 103.00 | 114.00 | OK |
Version: 1.1-1
Check: package dependencies
Result: NOTE
Package suggested but not available for checking: ‘ecpc’
Flavor: r-oldrel-macos-x86_64