Last updated on 2024-06-30 05:53:20 CEST.
Flavor | Version | Tinstall | Tcheck | Ttotal | Status | Flags |
---|---|---|---|---|---|---|
r-devel-linux-x86_64-debian-clang | 1.1-19 | 14.77 | 133.60 | 148.37 | OK | |
r-devel-linux-x86_64-debian-gcc | 1.1-19 | 14.86 | 97.71 | 112.57 | OK | |
r-devel-linux-x86_64-fedora-clang | 1.1-19 | 187.64 | OK | |||
r-devel-linux-x86_64-fedora-gcc | 1.1-19 | 185.95 | OK | |||
r-devel-windows-x86_64 | 1.1-19 | 18.00 | 100.00 | 118.00 | OK | --no-vignettes |
r-patched-linux-x86_64 | 1.1-19 | 16.95 | 124.08 | 141.03 | OK | |
r-release-linux-x86_64 | 1.1-19 | 15.15 | 123.58 | 138.73 | OK | |
r-release-macos-arm64 | 1.1-19 | 58.00 | OK | |||
r-release-macos-x86_64 | 1.1-19 | 89.00 | OK | |||
r-release-windows-x86_64 | 1.1-19 | 18.00 | 104.00 | 122.00 | OK | --no-vignettes |
r-oldrel-macos-arm64 | 1.1-19 | 66.00 | OK | |||
r-oldrel-macos-x86_64 | 1.1-19 | 103.00 | NOTE | |||
r-oldrel-windows-x86_64 | 1.1-19 | 24.00 | 135.00 | 159.00 | OK | --no-vignettes |
Version: 1.1-19
Check: package dependencies
Result: NOTE
Package suggested but not available for checking: ‘mboost’
Flavor: r-oldrel-macos-x86_64