Last updated on 2024-06-27 05:57:45 CEST.
Flavor | Version | Tinstall | Tcheck | Ttotal | Status | Flags |
---|---|---|---|---|---|---|
r-devel-linux-x86_64-debian-clang | 1.2.0 | NOTE | ||||
r-devel-linux-x86_64-debian-gcc | 1.2.0 | 104.69 | 36.75 | 141.44 | NOTE | |
r-devel-linux-x86_64-fedora-clang | 1.2.0 | 270.97 | NOTE | |||
r-devel-linux-x86_64-fedora-gcc | 1.2.0 | 285.92 | NOTE | |||
r-devel-windows-x86_64 | 1.2.0 | 116.00 | 82.00 | 198.00 | OK | |
r-patched-linux-x86_64 | 1.2.0 | 116.61 | 45.53 | 162.14 | NOTE | |
r-release-linux-x86_64 | 1.2.0 | 119.16 | 46.99 | 166.15 | NOTE | |
r-release-macos-arm64 | 1.2.0 | 59.00 | NOTE | |||
r-release-macos-x86_64 | 1.2.0 | 65.00 | NOTE | |||
r-release-windows-x86_64 | 1.2.0 | 124.00 | 82.00 | 206.00 | OK | |
r-oldrel-macos-arm64 | 1.2.0 | 63.00 | NOTE | |||
r-oldrel-macos-x86_64 | 1.2.0 | 76.00 | NOTE | |||
r-oldrel-windows-x86_64 | 1.2.0 | 142.00 | 99.00 | 241.00 | OK |
Version: 1.2.0
Check: package dependencies
Result: NOTE
Package suggested but not available for checking: ‘cooltools’
Flavors: r-devel-linux-x86_64-debian-clang, r-devel-linux-x86_64-debian-gcc, r-devel-linux-x86_64-fedora-clang, r-devel-linux-x86_64-fedora-gcc, r-patched-linux-x86_64, r-release-linux-x86_64, r-release-macos-arm64, r-release-macos-x86_64
Version: 1.2.0
Check: installed package size
Result: NOTE
installed size is 8.4Mb
sub-directories of 1Mb or more:
libs 8.3Mb
Flavors: r-release-macos-arm64, r-release-macos-x86_64, r-oldrel-macos-arm64, r-oldrel-macos-x86_64