Last updated on 2024-06-30 05:53:20 CEST.
Flavor | Version | Tinstall | Tcheck | Ttotal | Status | Flags |
---|---|---|---|---|---|---|
r-devel-linux-x86_64-debian-clang | 0.1-1 | 6.46 | 58.14 | 64.60 | NOTE | |
r-devel-linux-x86_64-debian-gcc | 0.1-1 | 4.81 | 43.55 | 48.36 | NOTE | |
r-devel-linux-x86_64-fedora-clang | 0.1-1 | 76.34 | NOTE | |||
r-devel-linux-x86_64-fedora-gcc | 0.1-1 | 76.13 | NOTE | |||
r-devel-windows-x86_64 | 0.1-1 | 6.00 | 61.00 | 67.00 | NOTE | |
r-patched-linux-x86_64 | 0.1-1 | 3.97 | 54.96 | 58.93 | NOTE | |
r-release-linux-x86_64 | 0.1-1 | 6.52 | 55.83 | 62.35 | NOTE | |
r-release-macos-arm64 | 0.1-1 | 26.00 | NOTE | |||
r-release-macos-x86_64 | 0.1-1 | 41.00 | NOTE | |||
r-release-windows-x86_64 | 0.1-1 | 7.00 | 59.00 | 66.00 | NOTE | |
r-oldrel-macos-arm64 | 0.1-1 | 34.00 | NOTE | |||
r-oldrel-macos-x86_64 | 0.1-1 | 49.00 | NOTE | |||
r-oldrel-windows-x86_64 | 0.1-1 | 7.00 | 66.00 | 73.00 | NOTE |
Version: 0.1-1
Check: LazyData
Result: NOTE
'LazyData' is specified without a 'data' directory
Flavors: r-devel-linux-x86_64-debian-clang, r-devel-linux-x86_64-debian-gcc, r-devel-linux-x86_64-fedora-clang, r-devel-linux-x86_64-fedora-gcc, r-devel-windows-x86_64, r-patched-linux-x86_64, r-release-linux-x86_64, r-release-macos-arm64, r-release-macos-x86_64, r-release-windows-x86_64, r-oldrel-macos-arm64, r-oldrel-macos-x86_64, r-oldrel-windows-x86_64
Version: 0.1-1
Check: for non-standard things in the check directory
Result: NOTE
Found the following files/directories:
‘.neig’
Flavors: r-devel-linux-x86_64-debian-clang, r-devel-linux-x86_64-debian-gcc, r-devel-linux-x86_64-fedora-clang, r-devel-linux-x86_64-fedora-gcc, r-patched-linux-x86_64, r-release-linux-x86_64