Last updated on 2025-02-03 05:49:19 CET.
Flavor | Version | Tinstall | Tcheck | Ttotal | Status | Flags |
---|---|---|---|---|---|---|
r-devel-linux-x86_64-debian-clang | 0.2-2 | 7.21 | 65.76 | 72.97 | NOTE | |
r-devel-linux-x86_64-debian-gcc | 0.2-2 | 6.29 | 50.15 | 56.44 | NOTE | |
r-devel-linux-x86_64-fedora-clang | 0.2-2 | 112.09 | OK | |||
r-devel-linux-x86_64-fedora-gcc | 0.2-2 | 116.50 | OK | |||
r-devel-windows-x86_64 | 0.2-2 | 11.00 | 84.00 | 95.00 | NOTE | |
r-patched-linux-x86_64 | 0.2-2 | 7.71 | 63.51 | 71.22 | OK | |
r-release-linux-x86_64 | 0.2-2 | 6.75 | 64.20 | 70.95 | OK | |
r-release-macos-arm64 | 0.2-2 | 38.00 | OK | |||
r-release-macos-x86_64 | 0.2-2 | 58.00 | OK | |||
r-release-windows-x86_64 | 0.2-2 | 11.00 | 79.00 | 90.00 | OK | |
r-oldrel-macos-arm64 | 0.2-2 | 39.00 | OK | |||
r-oldrel-macos-x86_64 | 0.2-2 | 68.00 | OK | |||
r-oldrel-windows-x86_64 | 0.2-2 | 12.00 | 95.00 | 107.00 | OK |
Version: 0.2-2
Check: Rd cross-references
Result: NOTE
Found the following Rd file(s) with Rd \link{} targets missing package
anchors:
sparsesvd.Rd: dgCMatrix-class, sparseMatrix
Please provide package anchors for all Rd \link{} targets not in the
package itself and the base packages.
Flavors: r-devel-linux-x86_64-debian-clang, r-devel-linux-x86_64-debian-gcc, r-devel-windows-x86_64