Last updated on 2024-06-30 05:53:19 CEST.
Flavor | Version | Tinstall | Tcheck | Ttotal | Status | Flags |
---|---|---|---|---|---|---|
r-devel-linux-x86_64-debian-clang | 0.1.0 | 9.37 | 108.46 | 117.83 | NOTE | |
r-devel-linux-x86_64-debian-gcc | 0.1.0 | 6.40 | 75.79 | 82.19 | NOTE | |
r-devel-linux-x86_64-fedora-clang | 0.1.0 | 135.65 | NOTE | |||
r-devel-linux-x86_64-fedora-gcc | 0.1.0 | 128.46 | NOTE | |||
r-devel-windows-x86_64 | 0.1.0 | 9.00 | 85.00 | 94.00 | NOTE | |
r-patched-linux-x86_64 | 0.1.0 | 8.56 | 97.70 | 106.26 | NOTE | |
r-release-linux-x86_64 | 0.1.0 | 9.80 | 98.23 | 108.03 | NOTE | |
r-release-macos-arm64 | 0.1.0 | 39.00 | NOTE | |||
r-release-macos-x86_64 | 0.1.0 | 60.00 | NOTE | |||
r-release-windows-x86_64 | 0.1.0 | 8.00 | 84.00 | 92.00 | NOTE | |
r-oldrel-macos-arm64 | 0.1.0 | 44.00 | NOTE | |||
r-oldrel-macos-x86_64 | 0.1.0 | 73.00 | NOTE | |||
r-oldrel-windows-x86_64 | 0.1.0 | 11.00 | 107.00 | 118.00 | NOTE |
Version: 0.1.0
Check: LazyData
Result: NOTE
'LazyData' is specified without a 'data' directory
Flavors: r-devel-linux-x86_64-debian-clang, r-devel-linux-x86_64-debian-gcc, r-devel-linux-x86_64-fedora-clang, r-devel-linux-x86_64-fedora-gcc, r-devel-windows-x86_64, r-patched-linux-x86_64, r-release-linux-x86_64, r-release-macos-arm64, r-release-macos-x86_64, r-release-windows-x86_64, r-oldrel-macos-arm64, r-oldrel-macos-x86_64, r-oldrel-windows-x86_64