Last updated on 2024-08-07 05:50:15 CEST.
Flavor | Version | Tinstall | Tcheck | Ttotal | Status | Flags |
---|---|---|---|---|---|---|
r-devel-linux-x86_64-debian-clang | 0.9.0.4 | 79.71 | 91.05 | 170.76 | OK | |
r-devel-linux-x86_64-debian-gcc | 0.9.0.4 | 51.28 | 62.26 | 113.54 | OK | |
r-devel-linux-x86_64-fedora-clang | 0.9.0.4 | 284.38 | NOTE | |||
r-devel-linux-x86_64-fedora-gcc | 0.9.0.4 | 295.12 | OK | |||
r-devel-windows-x86_64 | 0.9.0.4 | 92.00 | 132.00 | 224.00 | NOTE | |
r-patched-linux-x86_64 | 0.9.0.4 | 72.93 | 86.01 | 158.94 | OK | |
r-release-linux-x86_64 | 0.9.0.4 | 73.78 | 86.30 | 160.08 | OK | |
r-release-macos-arm64 | 0.9.0.4 | 67.00 | NOTE | |||
r-release-macos-x86_64 | 0.9.0.4 | 87.00 | NOTE | |||
r-release-windows-x86_64 | 0.9.0.4 | 92.00 | 131.00 | 223.00 | NOTE | |
r-oldrel-macos-arm64 | 0.9.0.4 | 76.00 | NOTE | |||
r-oldrel-macos-x86_64 | 0.9.0.4 | 151.00 | NOTE | |||
r-oldrel-windows-x86_64 | 0.9.0.4 | 109.00 | 162.00 | 271.00 | NOTE |
Version: 0.9.0.4
Check: installed package size
Result: NOTE
installed size is 14.5Mb
sub-directories of 1Mb or more:
extdata 13.0Mb
Flavors: r-devel-linux-x86_64-fedora-clang, r-devel-windows-x86_64, r-release-macos-arm64, r-release-macos-x86_64, r-release-windows-x86_64, r-oldrel-macos-arm64, r-oldrel-macos-x86_64, r-oldrel-windows-x86_64