Last updated on 2025-02-02 05:48:36 CET.
Flavor | Version | Tinstall | Tcheck | Ttotal | Status | Flags |
---|---|---|---|---|---|---|
r-devel-linux-x86_64-debian-clang | 2.3.2 | 10.28 | 106.53 | 116.81 | OK | |
r-devel-linux-x86_64-debian-gcc | 2.3.2 | 8.58 | 70.51 | 79.09 | OK | |
r-devel-linux-x86_64-fedora-clang | 2.3.2 | 200.65 | OK | |||
r-devel-linux-x86_64-fedora-gcc | 2.3.2 | 201.18 | OK | |||
r-devel-windows-x86_64 | 2.3.2 | 14.00 | 120.00 | 134.00 | OK | |
r-patched-linux-x86_64 | 2.3.2 | 11.06 | 93.57 | 104.63 | NOTE | |
r-release-linux-x86_64 | 2.3.2 | 10.25 | 94.49 | 104.74 | NOTE | |
r-release-macos-arm64 | 2.3.2 | 56.00 | NOTE | |||
r-release-macos-x86_64 | 2.3.2 | 94.00 | NOTE | |||
r-release-windows-x86_64 | 2.3.2 | 14.00 | 118.00 | 132.00 | NOTE | |
r-oldrel-macos-arm64 | 2.3.2 | 61.00 | NOTE | |||
r-oldrel-macos-x86_64 | 2.3.2 | 92.00 | NOTE | |||
r-oldrel-windows-x86_64 | 2.3.2 | 16.00 | 146.00 | 162.00 | NOTE |
Version: 2.3.2
Check: package dependencies
Result: NOTE
Package suggested but not available for checking: ‘hydromad’
Flavors: r-patched-linux-x86_64, r-release-linux-x86_64, r-release-macos-arm64, r-release-macos-x86_64, r-release-windows-x86_64, r-oldrel-macos-arm64, r-oldrel-macos-x86_64, r-oldrel-windows-x86_64