Last updated on 2024-08-07 05:50:15 CEST.
Flavor | Version | Tinstall | Tcheck | Ttotal | Status | Flags |
---|---|---|---|---|---|---|
r-devel-linux-x86_64-debian-clang | 1.1.0 | 2.19 | 19.59 | 21.78 | NOTE | |
r-devel-linux-x86_64-debian-gcc | 1.1.0 | 1.76 | 15.21 | 16.97 | NOTE | |
r-devel-linux-x86_64-fedora-clang | 1.1.0 | 34.02 | NOTE | |||
r-devel-linux-x86_64-fedora-gcc | 1.1.0 | 33.35 | NOTE | |||
r-devel-windows-x86_64 | 1.1.0 | 3.00 | 42.00 | 45.00 | NOTE | |
r-patched-linux-x86_64 | 1.1.0 | 2.19 | 18.97 | 21.16 | NOTE | |
r-release-linux-x86_64 | 1.1.0 | 2.24 | 19.07 | 21.31 | NOTE | |
r-release-macos-arm64 | 1.1.0 | 17.00 | NOTE | |||
r-release-macos-x86_64 | 1.1.0 | 23.00 | NOTE | |||
r-release-windows-x86_64 | 1.1.0 | 3.00 | 42.00 | 45.00 | NOTE | |
r-oldrel-macos-arm64 | 1.1.0 | 16.00 | NOTE | |||
r-oldrel-macos-x86_64 | 1.1.0 | 23.00 | NOTE | |||
r-oldrel-windows-x86_64 | 1.1.0 | 3.00 | 41.00 | 44.00 | NOTE |
Version: 1.1.0
Check: LazyData
Result: NOTE
'LazyData' is specified without a 'data' directory
Flavors: r-devel-linux-x86_64-debian-clang, r-devel-linux-x86_64-debian-gcc, r-devel-linux-x86_64-fedora-clang, r-devel-linux-x86_64-fedora-gcc, r-devel-windows-x86_64, r-patched-linux-x86_64, r-release-linux-x86_64, r-release-macos-arm64, r-release-macos-x86_64, r-release-windows-x86_64, r-oldrel-macos-arm64, r-oldrel-macos-x86_64, r-oldrel-windows-x86_64