Last updated on 2024-08-07 05:50:14 CEST.
Flavor | Version | Tinstall | Tcheck | Ttotal | Status | Flags |
---|---|---|---|---|---|---|
r-devel-linux-x86_64-debian-clang | 0.6.3.1.1 | 117.13 | 62.24 | 179.37 | NOTE | |
r-devel-linux-x86_64-debian-gcc | 0.6.3.1.1 | 90.88 | 47.80 | 138.68 | NOTE | |
r-devel-linux-x86_64-fedora-clang | 0.6.3.1.1 | 290.66 | NOTE | |||
r-devel-linux-x86_64-fedora-gcc | 0.6.3.1.1 | 367.88 | OK | |||
r-devel-windows-x86_64 | 0.6.3.1.1 | 115.00 | 125.00 | 240.00 | NOTE | |
r-patched-linux-x86_64 | 0.6.3.1.1 | 121.16 | 64.44 | 185.60 | OK | |
r-release-linux-x86_64 | 0.6.3.1.1 | 125.05 | 64.61 | 189.66 | OK | |
r-release-macos-arm64 | 0.6.3.1.1 | 83.00 | NOTE | |||
r-release-macos-x86_64 | 0.6.3.1.1 | 129.00 | NOTE | |||
r-release-windows-x86_64 | 0.6.3.1.1 | 114.00 | 125.00 | 239.00 | NOTE | |
r-oldrel-macos-arm64 | 0.6.3.1.1 | 101.00 | NOTE | |||
r-oldrel-macos-x86_64 | 0.6.3.1.1 | 154.00 | NOTE | |||
r-oldrel-windows-x86_64 | 0.6.3.1.1 | 138.00 | 146.00 | 284.00 | NOTE |
Version: 0.6.3.1.1
Check: Rd cross-references
Result: NOTE
Found the following Rd file(s) with Rd \link{} targets missing package
anchors:
plot.bicop_dist.Rd: wireframe
Please provide package anchors for all Rd \link{} targets not in the
package itself and the base packages.
Flavors: r-devel-linux-x86_64-debian-clang, r-devel-linux-x86_64-debian-gcc, r-devel-windows-x86_64
Version: 0.6.3.1.1
Check: installed package size
Result: NOTE
installed size is 10.4Mb
sub-directories of 1Mb or more:
include 5.0Mb
libs 5.0Mb
Flavors: r-devel-linux-x86_64-fedora-clang, r-devel-windows-x86_64, r-release-macos-arm64, r-release-macos-x86_64, r-release-windows-x86_64, r-oldrel-macos-arm64, r-oldrel-macos-x86_64, r-oldrel-windows-x86_64
Version: 0.6.3.1.1
Check: Rd cross-references
Result: NOTE
Undeclared package ‘wdm’ in Rd xrefs
Flavor: r-devel-linux-x86_64-fedora-clang