Last updated on 2024-08-06 05:49:34 CEST.
Flavor | Version | Tinstall | Tcheck | Ttotal | Status | Flags |
---|---|---|---|---|---|---|
r-devel-linux-x86_64-debian-clang | 0.0.6 | 9.40 | 100.89 | 110.29 | OK | |
r-devel-linux-x86_64-debian-gcc | 0.0.6 | 4.97 | 52.99 | 57.96 | OK | |
r-devel-linux-x86_64-fedora-clang | 0.0.6 | 135.63 | OK | |||
r-devel-linux-x86_64-fedora-gcc | 0.0.6 | 140.81 | OK | |||
r-devel-windows-x86_64 | 0.0.6 | 9.00 | 100.00 | 109.00 | OK | |
r-patched-linux-x86_64 | 0.0.6 | 8.39 | 72.93 | 81.32 | OK | |
r-release-linux-x86_64 | 0.0.6 | 7.33 | 95.35 | 102.68 | OK | |
r-release-macos-arm64 | 0.0.6 | 37.00 | OK | |||
r-release-macos-x86_64 | 0.0.6 | 69.00 | OK | |||
r-release-windows-x86_64 | 0.0.6 | 9.00 | 98.00 | 107.00 | OK | |
r-oldrel-macos-arm64 | 0.0.6 | 46.00 | WARN | |||
r-oldrel-macos-x86_64 | 0.0.6 | 100.00 | WARN | |||
r-oldrel-windows-x86_64 | 0.0.6 | 11.00 | 115.00 | 126.00 | OK |
Version: 0.0.6
Check: S3 generic/method consistency
Result: WARN
matrixOps:
function(e1, e2)
matrixOps.rvec:
function(x, y)
See section ‘Generic functions and methods’ in the ‘Writing R
Extensions’ manual.
Flavors: r-oldrel-macos-arm64, r-oldrel-macos-x86_64