Last updated on 2024-06-30 05:53:18 CEST.
Flavor | Version | Tinstall | Tcheck | Ttotal | Status | Flags |
---|---|---|---|---|---|---|
r-devel-linux-x86_64-debian-clang | 0.11-5 | 33.12 | 442.35 | 475.47 | NOTE | |
r-devel-linux-x86_64-debian-gcc | 0.11-5 | 19.88 | 302.58 | 322.46 | NOTE | |
r-devel-linux-x86_64-fedora-clang | 0.11-5 | 576.89 | NOTE | |||
r-devel-linux-x86_64-fedora-gcc | 0.11-5 | 562.74 | NOTE | |||
r-devel-windows-x86_64 | 0.11-5 | 27.00 | 279.00 | 306.00 | NOTE | |
r-patched-linux-x86_64 | 0.11-5 | 24.55 | 421.87 | 446.42 | NOTE | |
r-release-linux-x86_64 | 0.11-5 | 28.04 | 418.98 | 447.02 | NOTE | |
r-release-macos-arm64 | 0.11-5 | 132.00 | NOTE | |||
r-release-macos-x86_64 | 0.11-5 | 217.00 | NOTE | |||
r-release-windows-x86_64 | 0.11-5 | 27.00 | 282.00 | 309.00 | NOTE | |
r-oldrel-macos-arm64 | 0.11-5 | 143.00 | OK | |||
r-oldrel-macos-x86_64 | 0.11-5 | 263.00 | OK | |||
r-oldrel-windows-x86_64 | 0.11-5 | 34.00 | 377.00 | 411.00 | OK |
Version: 0.11-5
Check: Rd files
Result: NOTE
checkRd: (-1) LBA-race.Rd:157: Lost braces
157 | corresponding (and not first) accumulator winning see /code{/link{LBA}}.
| ^
checkRd: (-1) LBA-race.Rd:157: Lost braces
157 | corresponding (and not first) accumulator winning see /code{/link{LBA}}.
| ^
Flavors: r-devel-linux-x86_64-debian-clang, r-devel-linux-x86_64-debian-gcc, r-devel-linux-x86_64-fedora-clang, r-devel-linux-x86_64-fedora-gcc, r-devel-windows-x86_64, r-patched-linux-x86_64, r-release-linux-x86_64, r-release-macos-arm64, r-release-macos-x86_64, r-release-windows-x86_64