Last updated on 2025-02-02 05:48:34 CET.
Flavor | Version | Tinstall | Tcheck | Ttotal | Status | Flags |
---|---|---|---|---|---|---|
r-devel-linux-x86_64-debian-clang | 0.0-7 | 10.90 | 82.68 | 93.58 | NOTE | |
r-devel-linux-x86_64-debian-gcc | 0.0-7 | 7.43 | 61.95 | 69.38 | NOTE | |
r-devel-linux-x86_64-fedora-clang | 0.0-7 | 145.85 | OK | |||
r-devel-linux-x86_64-fedora-gcc | 0.0-7 | 139.65 | OK | |||
r-devel-windows-x86_64 | 0.0-7 | 10.00 | 88.00 | 98.00 | NOTE | |
r-patched-linux-x86_64 | 0.0-7 | 14.32 | 76.92 | 91.24 | OK | |
r-release-linux-x86_64 | 0.0-7 | 10.38 | 76.06 | 86.44 | OK | |
r-release-macos-arm64 | 0.0-7 | 42.00 | OK | |||
r-release-macos-x86_64 | 0.0-7 | 62.00 | OK | |||
r-release-windows-x86_64 | 0.0-7 | 12.00 | 88.00 | 100.00 | OK | |
r-oldrel-macos-arm64 | 0.0-7 | 47.00 | OK | |||
r-oldrel-macos-x86_64 | 0.0-7 | 75.00 | OK | |||
r-oldrel-windows-x86_64 | 0.0-7 | 13.00 | 110.00 | 123.00 | OK |
Version: 0.0-7
Check: Rd cross-references
Result: NOTE
Found the following Rd file(s) with Rd \link{} targets missing package
anchors:
surerob.Rd: lmrob
Please provide package anchors for all Rd \link{} targets not in the
package itself and the base packages.
Flavors: r-devel-linux-x86_64-debian-clang, r-devel-linux-x86_64-debian-gcc, r-devel-windows-x86_64