Last updated on 2024-06-30 05:53:17 CEST.
Flavor | Version | Tinstall | Tcheck | Ttotal | Status | Flags |
---|---|---|---|---|---|---|
r-devel-linux-x86_64-debian-clang | 0.1 | 114.97 | 128.02 | 242.99 | NOTE | |
r-devel-linux-x86_64-debian-gcc | 0.1 | 79.90 | 94.16 | 174.06 | NOTE | |
r-devel-linux-x86_64-fedora-clang | 0.1 | 341.71 | NOTE | |||
r-devel-linux-x86_64-fedora-gcc | 0.1 | 332.29 | NOTE | |||
r-devel-windows-x86_64 | 0.1 | 92.00 | 125.00 | 217.00 | NOTE | |
r-patched-linux-x86_64 | 0.1 | 67.46 | 120.96 | 188.42 | NOTE | |
r-release-linux-x86_64 | 0.1 | 73.54 | 118.44 | 191.98 | NOTE | |
r-release-macos-arm64 | 0.1 | 71.00 | NOTE | |||
r-release-macos-x86_64 | 0.1 | 86.00 | NOTE | |||
r-release-windows-x86_64 | 0.1 | 92.00 | 125.00 | 217.00 | NOTE | |
r-oldrel-macos-arm64 | 0.1 | 83.00 | NOTE | |||
r-oldrel-macos-x86_64 | 0.1 | 141.00 | NOTE | |||
r-oldrel-windows-x86_64 | 0.1 | 113.00 | 153.00 | 266.00 | NOTE |
Version: 0.1
Check: C++ specification
Result: NOTE
Specified C++11: please drop specification unless essential
Flavors: r-devel-linux-x86_64-debian-clang, r-devel-linux-x86_64-debian-gcc, r-devel-linux-x86_64-fedora-clang, r-devel-linux-x86_64-fedora-gcc, r-devel-windows-x86_64, r-patched-linux-x86_64, r-release-linux-x86_64, r-release-macos-arm64, r-release-macos-x86_64, r-release-windows-x86_64, r-oldrel-macos-arm64, r-oldrel-macos-x86_64, r-oldrel-windows-x86_64