Last updated on 2024-08-07 05:50:13 CEST.
Flavor | Version | Tinstall | Tcheck | Ttotal | Status | Flags |
---|---|---|---|---|---|---|
r-devel-linux-x86_64-debian-clang | 0.8.1 | 84.08 | 108.23 | 192.31 | OK | |
r-devel-linux-x86_64-debian-gcc | 0.8.1 | 55.90 | 72.15 | 128.05 | OK | |
r-devel-linux-x86_64-fedora-clang | 0.8.1 | 344.44 | OK | |||
r-devel-linux-x86_64-fedora-gcc | 0.8.1 | 349.24 | OK | |||
r-devel-windows-x86_64 | 0.8.1 | 93.00 | 143.00 | 236.00 | OK | |
r-patched-linux-x86_64 | 0.8.1 | 79.16 | 100.74 | 179.90 | OK | |
r-release-linux-x86_64 | 0.8.1 | 76.32 | 101.11 | 177.43 | OK | |
r-release-macos-arm64 | 0.8.1 | 89.00 | NOTE | |||
r-release-macos-x86_64 | 0.8.1 | 183.00 | NOTE | |||
r-release-windows-x86_64 | 0.8.1 | 95.00 | 147.00 | 242.00 | OK | |
r-oldrel-macos-arm64 | 0.8.1 | 104.00 | NOTE | |||
r-oldrel-macos-x86_64 | 0.8.1 | 127.00 | NOTE | |||
r-oldrel-windows-x86_64 | 0.8.1 | 112.00 | 177.00 | 289.00 | OK |
Version: 0.8.1
Check: installed package size
Result: NOTE
installed size is 6.9Mb
sub-directories of 1Mb or more:
data 1.5Mb
libs 4.9Mb
Flavors: r-release-macos-arm64, r-release-macos-x86_64, r-oldrel-macos-arm64, r-oldrel-macos-x86_64