Last updated on 2024-06-30 05:53:17 CEST.
Flavor | Version | Tinstall | Tcheck | Ttotal | Status | Flags |
---|---|---|---|---|---|---|
r-devel-linux-x86_64-debian-clang | 1.1-0 | 494.68 | 233.29 | 727.97 | NOTE | |
r-devel-linux-x86_64-debian-gcc | 1.1-0 | 427.59 | 198.89 | 626.48 | NOTE | |
r-devel-linux-x86_64-fedora-clang | 1.1-0 | 874.69 | NOTE | |||
r-devel-linux-x86_64-fedora-gcc | 1.1-0 | 1195.45 | NOTE | |||
r-devel-windows-x86_64 | 1.1-0 | 375.00 | 210.00 | 585.00 | NOTE | |
r-patched-linux-x86_64 | 1.1-0 | 367.64 | 255.55 | 623.19 | NOTE | |
r-release-linux-x86_64 | 1.1-0 | 388.47 | 252.52 | 640.99 | NOTE | |
r-release-macos-arm64 | 1.1-0 | 216.00 | NOTE | |||
r-release-macos-x86_64 | 1.1-0 | 244.00 | NOTE | |||
r-release-windows-x86_64 | 1.1-0 | 372.00 | 214.00 | 586.00 | NOTE | |
r-oldrel-macos-arm64 | 1.1-0 | 230.00 | NOTE | |||
r-oldrel-macos-x86_64 | 1.1-0 | 362.00 | NOTE | |||
r-oldrel-windows-x86_64 | 1.1-0 | 489.00 | 270.00 | 759.00 | NOTE |
Version: 1.1-0
Check: package dependencies
Result: NOTE
Package suggested but not available for checking: ‘cmdstanr’
Flavors: r-devel-linux-x86_64-debian-clang, r-devel-linux-x86_64-debian-gcc, r-devel-linux-x86_64-fedora-clang, r-devel-linux-x86_64-fedora-gcc, r-devel-windows-x86_64, r-patched-linux-x86_64, r-release-linux-x86_64, r-release-macos-arm64, r-release-macos-x86_64, r-release-windows-x86_64, r-oldrel-macos-arm64, r-oldrel-macos-x86_64, r-oldrel-windows-x86_64
Version: 1.1-0
Check: Rd cross-references
Result: NOTE
Package unavailable to check Rd xrefs: ‘cmdstanr’
Flavors: r-devel-linux-x86_64-debian-clang, r-devel-linux-x86_64-debian-gcc, r-devel-linux-x86_64-fedora-gcc, r-devel-windows-x86_64, r-patched-linux-x86_64, r-release-linux-x86_64, r-release-macos-arm64, r-release-macos-x86_64, r-release-windows-x86_64, r-oldrel-macos-arm64, r-oldrel-macos-x86_64, r-oldrel-windows-x86_64
Version: 1.1-0
Check: for GNU extensions in Makefiles
Result: NOTE
GNU make is a SystemRequirements.
Flavors: r-devel-linux-x86_64-debian-clang, r-devel-linux-x86_64-debian-gcc, r-devel-linux-x86_64-fedora-clang, r-devel-linux-x86_64-fedora-gcc, r-devel-windows-x86_64, r-patched-linux-x86_64, r-release-linux-x86_64, r-release-macos-arm64, r-release-macos-x86_64, r-release-windows-x86_64, r-oldrel-macos-arm64, r-oldrel-macos-x86_64, r-oldrel-windows-x86_64
Version: 1.1-0
Check: Rd cross-references
Result: NOTE
Undeclared package ‘coda’ in Rd xrefs
Package unavailable to check Rd xrefs: ‘cmdstanr’
Flavor: r-devel-linux-x86_64-fedora-clang
Version: 1.1-0
Check: installed package size
Result: NOTE
installed size is 84.3Mb
sub-directories of 1Mb or more:
libs 83.7Mb
Flavors: r-release-macos-arm64, r-release-macos-x86_64, r-oldrel-macos-arm64, r-oldrel-macos-x86_64