Last updated on 2025-02-02 05:48:34 CET.
Flavor | Version | Tinstall | Tcheck | Ttotal | Status | Flags |
---|---|---|---|---|---|---|
r-devel-linux-x86_64-debian-clang | 0.1.1 | 30.52 | 30.39 | 60.91 | NOTE | |
r-devel-linux-x86_64-debian-gcc | 0.1.1 | 21.32 | 24.77 | 46.09 | NOTE | |
r-devel-linux-x86_64-fedora-clang | 0.1.1 | 111.42 | NOTE | |||
r-devel-linux-x86_64-fedora-gcc | 0.1.1 | 113.51 | NOTE | |||
r-devel-windows-x86_64 | 0.1.1 | 29.00 | 71.00 | 100.00 | NOTE | |
r-patched-linux-x86_64 | 0.1.1 | 30.57 | 29.83 | 60.40 | NOTE | |
r-release-linux-x86_64 | 0.1.1 | 30.17 | 30.99 | 61.16 | NOTE | |
r-release-macos-arm64 | 0.1.1 | 30.00 | NOTE | |||
r-release-macos-x86_64 | 0.1.1 | 42.00 | NOTE | |||
r-release-windows-x86_64 | 0.1.1 | 31.00 | 72.00 | 103.00 | NOTE | |
r-oldrel-macos-arm64 | 0.1.1 | 36.00 | NOTE | |||
r-oldrel-macos-x86_64 | 0.1.1 | 53.00 | NOTE | |||
r-oldrel-windows-x86_64 | 0.1.1 | 29.00 | 79.00 | 108.00 | NOTE |
Version: 0.1.1
Check: C++ specification
Result: NOTE
Specified C++11: please drop specification unless essential
Flavors: r-devel-linux-x86_64-debian-clang, r-devel-linux-x86_64-debian-gcc, r-devel-linux-x86_64-fedora-clang, r-devel-linux-x86_64-fedora-gcc, r-devel-windows-x86_64, r-patched-linux-x86_64, r-release-linux-x86_64, r-release-macos-arm64, r-release-macos-x86_64, r-release-windows-x86_64, r-oldrel-macos-arm64, r-oldrel-macos-x86_64, r-oldrel-windows-x86_64
Version: 0.1.1
Check: LazyData
Result: NOTE
'LazyData' is specified without a 'data' directory
Flavors: r-patched-linux-x86_64, r-release-linux-x86_64, r-release-macos-arm64, r-release-macos-x86_64, r-release-windows-x86_64, r-oldrel-macos-arm64, r-oldrel-macos-x86_64, r-oldrel-windows-x86_64