Last updated on 2024-06-30 05:53:17 CEST.
Flavor | Version | Tinstall | Tcheck | Ttotal | Status | Flags |
---|---|---|---|---|---|---|
r-devel-linux-x86_64-debian-clang | 2.1.0 | 63.79 | 89.61 | 153.40 | NOTE | |
r-devel-linux-x86_64-debian-gcc | 2.1.0 | 45.31 | 74.23 | 119.54 | NOTE | |
r-devel-linux-x86_64-fedora-clang | 2.1.0 | 207.05 | NOTE | |||
r-devel-linux-x86_64-fedora-gcc | 2.1.0 | 230.14 | NOTE | |||
r-devel-windows-x86_64 | 2.1.0 | 51.00 | 111.00 | 162.00 | NOTE | |
r-patched-linux-x86_64 | 2.1.0 | 55.42 | 92.22 | 147.64 | NOTE | |
r-release-linux-x86_64 | 2.1.0 | 50.59 | 93.28 | 143.87 | NOTE | |
r-release-macos-arm64 | 2.1.0 | 74.00 | NOTE | |||
r-release-macos-x86_64 | 2.1.0 | 103.00 | NOTE | |||
r-release-windows-x86_64 | 2.1.0 | 49.00 | 109.00 | 158.00 | NOTE | |
r-oldrel-macos-arm64 | 2.1.0 | 85.00 | NOTE | |||
r-oldrel-macos-x86_64 | 2.1.0 | 98.00 | NOTE | |||
r-oldrel-windows-x86_64 | 2.1.0 | 61.00 | 131.00 | 192.00 | NOTE |
Version: 2.1.0
Check: C++ specification
Result: NOTE
Specified C++11: please drop specification unless essential
Flavors: r-devel-linux-x86_64-debian-clang, r-devel-linux-x86_64-debian-gcc, r-devel-linux-x86_64-fedora-clang, r-devel-linux-x86_64-fedora-gcc, r-devel-windows-x86_64, r-patched-linux-x86_64, r-release-linux-x86_64, r-release-macos-arm64, r-release-macos-x86_64, r-release-windows-x86_64, r-oldrel-macos-arm64, r-oldrel-macos-x86_64, r-oldrel-windows-x86_64