Last updated on 2025-02-03 05:49:16 CET.
Flavor | Version | Tinstall | Tcheck | Ttotal | Status | Flags |
---|---|---|---|---|---|---|
r-devel-linux-x86_64-debian-clang | 0.3.0 | 40.04 | 60.49 | 100.53 | OK | |
r-devel-linux-x86_64-debian-gcc | 0.3.0 | 32.21 | 46.69 | 78.90 | OK | |
r-devel-linux-x86_64-fedora-clang | 0.3.0 | 179.23 | OK | |||
r-devel-linux-x86_64-fedora-gcc | 0.3.0 | 200.03 | OK | |||
r-devel-windows-x86_64 | 0.3.0 | 46.00 | 92.00 | 138.00 | OK | |
r-patched-linux-x86_64 | 0.3.0 | 46.88 | 57.45 | 104.33 | OK | |
r-release-linux-x86_64 | 0.3.0 | 46.84 | 57.83 | 104.67 | OK | |
r-release-macos-arm64 | 0.3.0 | 54.00 | NOTE | |||
r-release-macos-x86_64 | 0.3.0 | 69.00 | NOTE | |||
r-release-windows-x86_64 | 0.3.0 | 43.00 | 100.00 | 143.00 | OK | |
r-oldrel-macos-arm64 | 0.3.0 | 63.00 | NOTE | |||
r-oldrel-macos-x86_64 | 0.3.0 | 90.00 | NOTE | |||
r-oldrel-windows-x86_64 | 0.3.0 | 54.00 | 113.00 | 167.00 | OK |
Version: 0.3.0
Check: installed package size
Result: NOTE
installed size is 5.1Mb
sub-directories of 1Mb or more:
doc 2.5Mb
libs 2.5Mb
Flavors: r-release-macos-arm64, r-release-macos-x86_64, r-oldrel-macos-arm64, r-oldrel-macos-x86_64