Last updated on 2024-08-06 05:49:32 CEST.
Flavor | Version | Tinstall | Tcheck | Ttotal | Status | Flags |
---|---|---|---|---|---|---|
r-devel-linux-x86_64-debian-clang | 0.1.4 | 14.67 | 123.50 | 138.17 | NOTE | |
r-devel-linux-x86_64-debian-gcc | 0.1.4 | 7.31 | 67.85 | 75.16 | NOTE | |
r-devel-linux-x86_64-fedora-clang | 0.1.4 | 175.70 | NOTE | |||
r-devel-linux-x86_64-fedora-gcc | 0.1.4 | 177.79 | NOTE | |||
r-devel-windows-x86_64 | 0.1.4 | 14.00 | 152.00 | 166.00 | NOTE | |
r-patched-linux-x86_64 | 0.1.4 | 19.89 | 91.65 | 111.54 | NOTE | |
r-release-linux-x86_64 | 0.1.4 | 7.88 | 117.39 | 125.27 | NOTE | |
r-release-macos-arm64 | 0.1.4 | 57.00 | NOTE | |||
r-release-macos-x86_64 | 0.1.4 | 84.00 | NOTE | |||
r-release-windows-x86_64 | 0.1.4 | 14.00 | 151.00 | 165.00 | NOTE | |
r-oldrel-macos-arm64 | 0.1.4 | 55.00 | NOTE | |||
r-oldrel-macos-x86_64 | 0.1.4 | 93.00 | NOTE | |||
r-oldrel-windows-x86_64 | 0.1.4 | 15.00 | 176.00 | 191.00 | NOTE |
Version: 0.1.4
Check: LazyData
Result: NOTE
'LazyData' is specified without a 'data' directory
Flavors: r-devel-linux-x86_64-debian-clang, r-devel-linux-x86_64-debian-gcc, r-devel-linux-x86_64-fedora-clang, r-devel-linux-x86_64-fedora-gcc, r-devel-windows-x86_64, r-patched-linux-x86_64, r-release-linux-x86_64, r-release-macos-arm64, r-release-macos-x86_64, r-release-windows-x86_64, r-oldrel-macos-arm64, r-oldrel-macos-x86_64, r-oldrel-windows-x86_64
Version: 0.1.4
Check: Rd cross-references
Result: NOTE
Found the following Rd file(s) with Rd \link{} targets missing package
anchors:
dfp_auth.Rd: Token-class
Please provide package anchors for all Rd \link{} targets not in the
package itself and the base packages.
Flavors: r-devel-linux-x86_64-debian-gcc, r-devel-windows-x86_64