Last updated on 2024-08-06 05:49:32 CEST.
Flavor | Version | Tinstall | Tcheck | Ttotal | Status | Flags |
---|---|---|---|---|---|---|
r-devel-linux-x86_64-debian-clang | 0.37.3 | 108.63 | 150.26 | 258.89 | OK | |
r-devel-linux-x86_64-debian-gcc | 0.37.3 | 50.46 | 85.00 | 135.46 | OK | |
r-devel-linux-x86_64-fedora-clang | 0.37.3 | 351.72 | OK | |||
r-devel-linux-x86_64-fedora-gcc | 0.37.3 | 340.56 | OK | |||
r-devel-windows-x86_64 | 0.37.3 | 84.00 | 152.00 | 236.00 | OK | |
r-patched-linux-x86_64 | 0.37.3 | 75.60 | 110.33 | 185.93 | OK | |
r-release-linux-x86_64 | 0.37.3 | 65.08 | 142.47 | 207.55 | OK | |
r-release-macos-arm64 | 0.37.3 | 80.00 | NOTE | |||
r-release-macos-x86_64 | 0.37.3 | 93.00 | NOTE | |||
r-release-windows-x86_64 | 0.37.3 | 90.00 | 154.00 | 244.00 | OK | |
r-oldrel-macos-arm64 | 0.37.3 | 84.00 | NOTE | |||
r-oldrel-macos-x86_64 | 0.37.3 | 162.00 | NOTE | |||
r-oldrel-windows-x86_64 | 0.37.3 | 101.00 | 191.00 | 292.00 | NOTE |
Version: 0.37.3
Check: installed package size
Result: NOTE
installed size is 7.2Mb
sub-directories of 1Mb or more:
data 2.9Mb
libs 3.3Mb
Flavors: r-release-macos-arm64, r-release-macos-x86_64, r-oldrel-macos-arm64, r-oldrel-macos-x86_64, r-oldrel-windows-x86_64
Version: 0.37.3
Check: package dependencies
Result: NOTE
Package suggested but not available for checking: ‘raybevel’
Flavors: r-oldrel-macos-arm64, r-oldrel-macos-x86_64