Last updated on 2025-02-03 05:49:16 CET.
Flavor | Version | Tinstall | Tcheck | Ttotal | Status | Flags |
---|---|---|---|---|---|---|
r-devel-linux-x86_64-debian-clang | 0.2.0 | 4.91 | 43.28 | 48.19 | OK | |
r-devel-linux-x86_64-debian-gcc | 0.2.0 | 3.60 | 34.39 | 37.99 | OK | |
r-devel-linux-x86_64-fedora-clang | 0.2.0 | 79.26 | OK | |||
r-devel-linux-x86_64-fedora-gcc | 0.2.0 | 85.84 | OK | |||
r-devel-windows-x86_64 | 0.2.0 | 7.00 | 61.00 | 68.00 | OK | |
r-patched-linux-x86_64 | 0.2.0 | 4.88 | 40.70 | 45.58 | NOTE | |
r-release-linux-x86_64 | 0.2.0 | 4.12 | 40.58 | 44.70 | NOTE | |
r-release-macos-arm64 | 0.2.0 | 38.00 | NOTE | |||
r-release-macos-x86_64 | 0.2.0 | 54.00 | NOTE | |||
r-release-windows-x86_64 | 0.2.0 | 6.00 | 63.00 | 69.00 | NOTE | |
r-oldrel-macos-arm64 | 0.2.0 | 35.00 | NOTE | |||
r-oldrel-macos-x86_64 | 0.2.0 | 44.00 | NOTE | |||
r-oldrel-windows-x86_64 | 0.2.0 | 7.00 | 79.00 | 86.00 | NOTE |
Version: 0.2.0
Check: LazyData
Result: NOTE
'LazyData' is specified without a 'data' directory
Flavors: r-patched-linux-x86_64, r-release-linux-x86_64, r-release-macos-arm64, r-release-macos-x86_64, r-release-windows-x86_64, r-oldrel-macos-arm64, r-oldrel-macos-x86_64, r-oldrel-windows-x86_64