Last updated on 2025-02-03 05:49:17 CET.
Flavor | Version | Tinstall | Tcheck | Ttotal | Status | Flags |
---|---|---|---|---|---|---|
r-devel-linux-x86_64-debian-clang | 1.0.0.10 | 64.49 | 42.82 | 107.31 | NOTE | |
r-devel-linux-x86_64-debian-gcc | 1.0.0.10 | 43.93 | 32.97 | 76.90 | NOTE | |
r-devel-linux-x86_64-fedora-clang | 1.0.0.10 | 204.92 | NOTE | |||
r-devel-linux-x86_64-fedora-gcc | 1.0.0.10 | 201.23 | NOTE | |||
r-devel-windows-x86_64 | 1.0.0.10 | 70.00 | 104.00 | 174.00 | NOTE | |
r-patched-linux-x86_64 | 1.0.0.10 | 68.08 | 40.36 | 108.44 | NOTE | |
r-release-linux-x86_64 | 1.0.0.10 | 62.87 | 40.54 | 103.41 | NOTE | |
r-release-macos-arm64 | 1.0.0.10 | 49.00 | NOTE | |||
r-release-macos-x86_64 | 1.0.0.10 | 77.00 | NOTE | |||
r-release-windows-x86_64 | 1.0.0.10 | 68.00 | 90.00 | 158.00 | NOTE | |
r-oldrel-macos-arm64 | 1.0.0.10 | 57.00 | NOTE | |||
r-oldrel-macos-x86_64 | 1.0.0.10 | 80.00 | NOTE | |||
r-oldrel-windows-x86_64 | 1.0.0.10 | 79.00 | 98.00 | 177.00 | NOTE |
Version: 1.0.0.10
Check: C++ specification
Result: NOTE
Specified C++11: please drop specification unless essential
Flavors: r-devel-linux-x86_64-debian-clang, r-devel-linux-x86_64-debian-gcc, r-devel-linux-x86_64-fedora-clang, r-devel-linux-x86_64-fedora-gcc, r-devel-windows-x86_64, r-patched-linux-x86_64, r-release-linux-x86_64, r-release-macos-arm64, r-release-macos-x86_64, r-release-windows-x86_64, r-oldrel-macos-arm64, r-oldrel-macos-x86_64, r-oldrel-windows-x86_64
Version: 1.0.0.10
Check: Rd cross-references
Result: NOTE
Found the following Rd file(s) with Rd \link{} targets missing package
anchors:
rSpectral.Rd: igraph
spectral_igraph_communities.Rd: igraph
Please provide package anchors for all Rd \link{} targets not in the
package itself and the base packages.
Flavors: r-devel-linux-x86_64-debian-clang, r-devel-linux-x86_64-debian-gcc, r-devel-windows-x86_64