CRAN Package Check Results for Package rIsing

Last updated on 2025-02-09 07:52:41 CET.

Flavor Version Tinstall Tcheck Ttotal Status Flags
r-devel-linux-x86_64-debian-clang 0.1.0 24.21 24.10 48.31 OK
r-devel-linux-x86_64-debian-gcc 0.1.0 20.95 20.30 41.25 OK
r-devel-linux-x86_64-fedora-clang 0.1.0 87.94 NOTE
r-devel-linux-x86_64-fedora-gcc 0.1.0 95.62 NOTE
r-devel-windows-x86_64 0.1.0 28.00 60.00 88.00 OK
r-patched-linux-x86_64 0.1.0 27.70 24.53 52.23 NOTE
r-release-linux-x86_64 0.1.0 29.74 24.73 54.47 NOTE
r-release-macos-arm64 0.1.0 26.00 NOTE
r-release-macos-x86_64 0.1.0 46.00 NOTE
r-release-windows-x86_64 0.1.0 28.00 65.00 93.00 NOTE
r-oldrel-macos-arm64 0.1.0 31.00 NOTE
r-oldrel-macos-x86_64 0.1.0 45.00 NOTE
r-oldrel-windows-x86_64 0.1.0 31.00 72.00 103.00 NOTE

Check Details

Version: 0.1.0
Check: compiled code
Result: NOTE File ‘rIsing/libs/rIsing.so’: Found no calls to: ‘R_registerRoutines’, ‘R_useDynamicSymbols’ It is good practice to register native routines and to disable symbol search. See ‘Writing portable packages’ in the ‘Writing R Extensions’ manual. Flavors: r-devel-linux-x86_64-fedora-clang, r-devel-linux-x86_64-fedora-gcc

Version: 0.1.0
Check: LazyData
Result: NOTE 'LazyData' is specified without a 'data' directory Flavors: r-patched-linux-x86_64, r-release-linux-x86_64, r-release-macos-arm64, r-release-macos-x86_64, r-release-windows-x86_64, r-oldrel-macos-arm64, r-oldrel-macos-x86_64, r-oldrel-windows-x86_64

Version: 0.1.0
Check: installed package size
Result: NOTE installed size is 13.1Mb sub-directories of 1Mb or more: libs 13.0Mb Flavors: r-release-macos-arm64, r-release-macos-x86_64, r-oldrel-macos-arm64, r-oldrel-macos-x86_64