Last updated on 2024-08-07 05:50:11 CEST.
Flavor | Version | Tinstall | Tcheck | Ttotal | Status | Flags |
---|---|---|---|---|---|---|
r-devel-linux-x86_64-debian-clang | 2.2.1 | 8.22 | 66.47 | 74.69 | OK | |
r-devel-linux-x86_64-debian-gcc | 2.2.1 | 5.69 | 49.54 | 55.23 | OK | |
r-devel-linux-x86_64-fedora-clang | 2.2.1 | 120.42 | NOTE | |||
r-devel-linux-x86_64-fedora-gcc | 2.2.1 | 113.94 | NOTE | |||
r-devel-windows-x86_64 | 2.2.1 | 9.00 | 82.00 | 91.00 | OK | |
r-patched-linux-x86_64 | 2.2.1 | 8.23 | 63.23 | 71.46 | OK | |
r-release-linux-x86_64 | 2.2.1 | 8.18 | 63.42 | 71.60 | OK | |
r-release-macos-arm64 | 2.2.1 | 34.00 | OK | |||
r-release-macos-x86_64 | 2.2.1 | 57.00 | OK | |||
r-release-windows-x86_64 | 2.2.1 | 10.00 | 82.00 | 92.00 | OK | |
r-oldrel-macos-arm64 | 2.2.1 | 39.00 | OK | |||
r-oldrel-macos-x86_64 | 2.2.1 | 63.00 | OK | |||
r-oldrel-windows-x86_64 | 2.2.1 | 12.00 | 96.00 | 108.00 | OK |
Version: 2.2.1
Check: dependencies in R code
Result: NOTE
Namespace in Imports field not imported from: ‘SparseM’
All declared Imports should be used.
Flavors: r-devel-linux-x86_64-fedora-clang, r-devel-linux-x86_64-fedora-gcc