Last updated on 2024-06-30 05:53:16 CEST.
Flavor | Version | Tinstall | Tcheck | Ttotal | Status | Flags |
---|---|---|---|---|---|---|
r-devel-linux-x86_64-debian-clang | 0.2.7 | 10.78 | 230.91 | 241.69 | OK | |
r-devel-linux-x86_64-debian-gcc | 0.2.7 | 8.97 | 175.24 | 184.21 | OK | |
r-devel-linux-x86_64-fedora-clang | 0.2.7 | 325.30 | OK | |||
r-devel-linux-x86_64-fedora-gcc | 0.2.7 | 312.76 | OK | |||
r-devel-windows-x86_64 | 0.2.7 | 10.00 | 184.00 | 194.00 | OK | |
r-patched-linux-x86_64 | 0.2.7 | 11.91 | 223.73 | 235.64 | OK | |
r-release-linux-x86_64 | 0.2.7 | 12.28 | 222.96 | 235.24 | OK | |
r-release-macos-arm64 | 0.2.7 | 88.00 | OK | |||
r-release-macos-x86_64 | 0.2.7 | 145.00 | OK | |||
r-release-windows-x86_64 | 0.2.7 | 12.00 | 193.00 | 205.00 | OK | |
r-oldrel-macos-arm64 | 0.2.7 | 101.00 | OK | |||
r-oldrel-macos-x86_64 | 0.2.7 | 97.00 | NOTE | |||
r-oldrel-windows-x86_64 | 0.2.7 | 14.00 | 232.00 | 246.00 | OK |
Version: 0.2.7
Check: package dependencies
Result: NOTE
Packages suggested but not available for checking: 'glmmTMB', 'DHARMa'
Flavor: r-oldrel-macos-x86_64