Last updated on 2024-06-30 05:53:16 CEST.
Flavor | Version | Tinstall | Tcheck | Ttotal | Status | Flags |
---|---|---|---|---|---|---|
r-devel-linux-x86_64-debian-clang | 0.1.1 | 4.06 | 60.23 | 64.29 | OK | |
r-devel-linux-x86_64-debian-gcc | 0.1.1 | 4.82 | 43.57 | 48.39 | OK | |
r-devel-linux-x86_64-fedora-clang | 0.1.1 | 84.59 | NOTE | |||
r-devel-linux-x86_64-fedora-gcc | 0.1.1 | 92.65 | NOTE | |||
r-devel-windows-x86_64 | 0.1.1 | 7.00 | 69.00 | 76.00 | OK | |
r-patched-linux-x86_64 | 0.1.1 | 4.80 | 57.10 | 61.90 | OK | |
r-release-linux-x86_64 | 0.1.1 | 5.17 | 55.83 | 61.00 | OK | |
r-release-macos-arm64 | 0.1.1 | 36.00 | OK | |||
r-release-macos-x86_64 | 0.1.1 | 68.00 | OK | |||
r-release-windows-x86_64 | 0.1.1 | 7.00 | 64.00 | 71.00 | OK | |
r-oldrel-macos-arm64 | 0.1.1 | 35.00 | OK | |||
r-oldrel-macos-x86_64 | 0.1.1 | 51.00 | OK | |||
r-oldrel-windows-x86_64 | 0.1.1 | 8.00 | 74.00 | 82.00 | OK |
Version: 0.1.1
Check: data for non-ASCII characters
Result: NOTE
Note: found 596 marked UTF-8 strings
Flavors: r-devel-linux-x86_64-fedora-clang, r-devel-linux-x86_64-fedora-gcc