Last updated on 2024-06-30 05:53:16 CEST.
Flavor | Version | Tinstall | Tcheck | Ttotal | Status | Flags |
---|---|---|---|---|---|---|
r-devel-linux-x86_64-debian-clang | 0.2.7 | 47.21 | 128.44 | 175.65 | OK | |
r-devel-linux-x86_64-debian-gcc | 0.2.7 | 33.03 | 110.63 | 143.66 | OK | |
r-devel-linux-x86_64-fedora-clang | 0.2.7 | 233.67 | OK | |||
r-devel-linux-x86_64-fedora-gcc | 0.2.7 | 267.62 | OK | |||
r-devel-windows-x86_64 | 0.2.7 | 40.00 | 161.00 | 201.00 | OK | |
r-patched-linux-x86_64 | 0.2.7 | 40.04 | 140.92 | 180.96 | OK | |
r-release-linux-x86_64 | 0.2.7 | 43.83 | 142.51 | 186.34 | OK | |
r-release-macos-arm64 | 0.2.7 | 135.00 | NOTE | |||
r-release-macos-x86_64 | 0.2.7 | 118.00 | NOTE | |||
r-release-windows-x86_64 | 0.2.7 | 39.00 | 156.00 | 195.00 | OK | |
r-oldrel-macos-arm64 | 0.2.7 | 86.00 | NOTE | |||
r-oldrel-macos-x86_64 | 0.2.7 | 192.00 | NOTE | |||
r-oldrel-windows-x86_64 | 0.2.7 | 47.00 | 177.00 | 224.00 | OK |
Version: 0.2.7
Check: installed package size
Result: NOTE
installed size is 7.1Mb
sub-directories of 1Mb or more:
data 2.9Mb
libs 2.7Mb
Flavors: r-release-macos-arm64, r-release-macos-x86_64, r-oldrel-macos-arm64, r-oldrel-macos-x86_64