Last updated on 2025-02-09 07:52:37 CET.
Flavor | Version | Tinstall | Tcheck | Ttotal | Status | Flags |
---|---|---|---|---|---|---|
r-devel-linux-x86_64-debian-clang | 1.4 | 12.21 | 124.75 | 136.96 | NOTE | |
r-devel-linux-x86_64-debian-gcc | 1.4 | 7.89 | 90.56 | 98.45 | NOTE | |
r-devel-linux-x86_64-fedora-clang | 1.4 | 213.24 | OK | |||
r-devel-linux-x86_64-fedora-gcc | 1.4 | 197.57 | OK | |||
r-devel-windows-x86_64 | 1.4 | 12.00 | 130.00 | 142.00 | NOTE | |
r-patched-linux-x86_64 | 1.4 | 11.46 | 113.19 | 124.65 | OK | |
r-release-linux-x86_64 | 1.4 | 9.80 | 113.28 | 123.08 | OK | |
r-release-macos-arm64 | 1.4 | 57.00 | OK | |||
r-release-macos-x86_64 | 1.4 | 87.00 | OK | |||
r-release-windows-x86_64 | 1.4 | 11.00 | 129.00 | 140.00 | OK | |
r-oldrel-macos-arm64 | 1.4 | 78.00 | OK | |||
r-oldrel-macos-x86_64 | 1.4 | 143.00 | OK | |||
r-oldrel-windows-x86_64 | 1.4 | 16.00 | 153.00 | 169.00 | OK |
Version: 1.4
Check: Rd cross-references
Result: NOTE
Found the following Rd file(s) with Rd \link{} targets missing package
anchors:
envelope-methods.Rd: envelope
Please provide package anchors for all Rd \link{} targets not in the
package itself and the base packages.
Flavors: r-devel-linux-x86_64-debian-clang, r-devel-linux-x86_64-debian-gcc, r-devel-windows-x86_64