Last updated on 2024-08-07 05:50:11 CEST.
Flavor | Version | Tinstall | Tcheck | Ttotal | Status | Flags |
---|---|---|---|---|---|---|
r-devel-linux-x86_64-debian-clang | 1.3-1 | 11.55 | 127.78 | 139.33 | NOTE | |
r-devel-linux-x86_64-debian-gcc | 1.3-1 | 7.70 | 94.82 | 102.52 | NOTE | |
r-devel-linux-x86_64-fedora-clang | 1.3-1 | 233.69 | NOTE | |||
r-devel-linux-x86_64-fedora-gcc | 1.3-1 | 230.56 | NOTE | |||
r-devel-windows-x86_64 | 1.3-1 | 12.00 | 120.00 | 132.00 | NOTE | |
r-patched-linux-x86_64 | 1.3-1 | 11.94 | 122.53 | 134.47 | NOTE | |
r-release-linux-x86_64 | 1.3-1 | 9.85 | 124.22 | 134.07 | NOTE | |
r-release-macos-arm64 | 1.3-1 | 54.00 | NOTE | |||
r-release-macos-x86_64 | 1.3-1 | 84.00 | NOTE | |||
r-release-windows-x86_64 | 1.3-1 | 12.00 | 118.00 | 130.00 | NOTE | |
r-oldrel-macos-arm64 | 1.3-1 | 54.00 | NOTE | |||
r-oldrel-macos-x86_64 | 1.3-1 | 90.00 | NOTE | |||
r-oldrel-windows-x86_64 | 1.3-1 | 15.00 | 142.00 | 157.00 | NOTE |
Version: 1.3-1
Check: Rd files
Result: NOTE
checkRd: (-1) plot.tfam.Rd:17: Lost braces
17 | objects created using code{tfam_inertia}.}
| ^
checkRd: (-1) popdemo-package.Rd:32: Lost braces
32 | code{\link{inertia}} measures asymptotic population density relative to stable
| ^
checkRd: (-1) tfa_inertia.Rd:33: Lost braces
33 | item{inertia}{inertias of perturbed matrices}
| ^
checkRd: (-1) tfa_inertia.Rd:33: Lost braces
33 | item{inertia}{inertias of perturbed matrices}
| ^
Flavors: r-devel-linux-x86_64-debian-clang, r-devel-linux-x86_64-debian-gcc, r-devel-linux-x86_64-fedora-clang, r-devel-linux-x86_64-fedora-gcc, r-devel-windows-x86_64, r-patched-linux-x86_64, r-release-linux-x86_64, r-release-macos-arm64, r-release-macos-x86_64, r-release-windows-x86_64
Version: 1.3-1
Check: installed package size
Result: NOTE
installed size is 5.4Mb
sub-directories of 1Mb or more:
doc 4.9Mb
Flavors: r-devel-linux-x86_64-fedora-clang, r-devel-windows-x86_64, r-release-macos-arm64, r-release-macos-x86_64, r-release-windows-x86_64, r-oldrel-macos-arm64, r-oldrel-macos-x86_64, r-oldrel-windows-x86_64