Last updated on 2024-08-16 05:48:29 CEST.
Flavor | Version | Tinstall | Tcheck | Ttotal | Status | Flags |
---|---|---|---|---|---|---|
r-devel-linux-x86_64-debian-clang | 1.2.1.14 | 4.40 | 34.55 | 38.95 | OK | |
r-devel-linux-x86_64-debian-gcc | 1.2.1.14 | 2.96 | 25.29 | 28.25 | OK | |
r-devel-linux-x86_64-fedora-clang | 1.2.1.14 | 61.94 | NOTE | |||
r-devel-linux-x86_64-fedora-gcc | 1.2.1.14 | 57.63 | NOTE | |||
r-devel-windows-x86_64 | 1.2.1.14 | 6.00 | 52.00 | 58.00 | OK | |
r-patched-linux-x86_64 | 1.2.1.14 | 4.30 | 32.65 | 36.95 | OK | |
r-release-linux-x86_64 | 1.2.1.14 | 4.04 | 32.74 | 36.78 | OK | |
r-release-macos-arm64 | 1.2.1.14 | 22.00 | OK | |||
r-release-macos-x86_64 | 1.2.1.14 | 33.00 | OK | |||
r-release-windows-x86_64 | 1.2.1.14 | 7.00 | 53.00 | 60.00 | OK | |
r-oldrel-macos-arm64 | 1.2.1.14 | 24.00 | OK | |||
r-oldrel-macos-x86_64 | 1.2.1.14 | 32.00 | OK | |||
r-oldrel-windows-x86_64 | 1.2.1.14 | 7.00 | 59.00 | 66.00 | OK |
Version: 1.2.1.14
Check: dependencies in R code
Result: NOTE
Namespaces in Imports field not imported from:
‘MASS’ ‘car’ ‘formula.tools’ ‘ggplot2’ ‘gplots’ ‘graphics’ ‘purrr’
‘rstatix’ ‘stringr’ ‘tidyverse’
All declared Imports should be used.
Flavors: r-devel-linux-x86_64-fedora-clang, r-devel-linux-x86_64-fedora-gcc
Version: 1.2.1.14
Check: data for non-ASCII characters
Result: NOTE
Note: found 2 marked UTF-8 strings
Flavors: r-devel-linux-x86_64-fedora-clang, r-devel-linux-x86_64-fedora-gcc