Last updated on 2024-08-06 05:49:30 CEST.
Flavor | Version | Tinstall | Tcheck | Ttotal | Status | Flags |
---|---|---|---|---|---|---|
r-devel-linux-x86_64-debian-clang | 0.1.3 | 19.76 | 94.46 | 114.22 | OK | |
r-devel-linux-x86_64-debian-gcc | 0.1.3 | 10.06 | 50.27 | 60.33 | OK | |
r-devel-linux-x86_64-fedora-clang | 0.1.3 | 150.53 | NOTE | |||
r-devel-linux-x86_64-fedora-gcc | 0.1.3 | 143.88 | OK | |||
r-devel-windows-x86_64 | 0.1.3 | 15.00 | 89.00 | 104.00 | OK | |
r-patched-linux-x86_64 | 0.1.3 | 12.52 | 70.72 | 83.24 | OK | |
r-release-linux-x86_64 | 0.1.3 | 10.02 | 92.60 | 102.62 | OK | |
r-release-macos-arm64 | 0.1.3 | 44.00 | OK | |||
r-release-macos-x86_64 | 0.1.3 | 110.00 | OK | |||
r-release-windows-x86_64 | 0.1.3 | 15.00 | 87.00 | 102.00 | OK | |
r-oldrel-macos-arm64 | 0.1.3 | 49.00 | OK | |||
r-oldrel-macos-x86_64 | 0.1.3 | 85.00 | OK | |||
r-oldrel-windows-x86_64 | 0.1.3 | 19.00 | 104.00 | 123.00 | OK |
Version: 0.1.3
Check: package dependencies
Result: NOTE
Imports includes 21 non-default packages.
Importing from so many packages makes the package vulnerable to any of
them becoming unavailable. Move as many as possible to Suggests and
use conditionally.
Flavor: r-devel-linux-x86_64-fedora-clang