Last updated on 2024-08-06 05:49:30 CEST.
Flavor | Version | Tinstall | Tcheck | Ttotal | Status | Flags |
---|---|---|---|---|---|---|
r-devel-linux-x86_64-debian-clang | 1.0.2 | 3.54 | 73.23 | 76.77 | OK | |
r-devel-linux-x86_64-debian-gcc | 1.0.2 | 2.65 | 41.07 | 43.72 | OK | |
r-devel-linux-x86_64-fedora-clang | 1.0.2 | 100.32 | NOTE | |||
r-devel-linux-x86_64-fedora-gcc | 1.0.2 | 105.62 | NOTE | |||
r-devel-windows-x86_64 | 1.0.2 | 6.00 | 81.00 | 87.00 | OK | |
r-patched-linux-x86_64 | 1.0.2 | 4.11 | 53.84 | 57.95 | OK | |
r-release-linux-x86_64 | 1.0.2 | 3.02 | 68.64 | 71.66 | OK | |
r-release-macos-arm64 | 1.0.2 | 37.00 | OK | |||
r-release-macos-x86_64 | 1.0.2 | 56.00 | OK | |||
r-release-windows-x86_64 | 1.0.2 | 8.00 | 81.00 | 89.00 | OK | |
r-oldrel-macos-arm64 | 1.0.2 | 41.00 | OK | |||
r-oldrel-macos-x86_64 | 1.0.2 | 69.00 | OK | |||
r-oldrel-windows-x86_64 | 1.0.2 | 7.00 | 88.00 | 95.00 | OK |
Version: 1.0.2
Check: data for non-ASCII characters
Result: NOTE
Note: found 4 marked UTF-8 strings
Flavors: r-devel-linux-x86_64-fedora-clang, r-devel-linux-x86_64-fedora-gcc