Last updated on 2025-02-02 05:48:32 CET.
Flavor | Version | Tinstall | Tcheck | Ttotal | Status | Flags |
---|---|---|---|---|---|---|
r-devel-linux-x86_64-debian-clang | 0.11.4 | 26.98 | 209.75 | 236.73 | OK | |
r-devel-linux-x86_64-debian-gcc | 0.11.4 | 16.95 | 138.69 | 155.64 | OK | |
r-devel-linux-x86_64-fedora-clang | 0.11.4 | 374.12 | OK | |||
r-devel-linux-x86_64-fedora-gcc | 0.11.4 | 361.10 | OK | |||
r-devel-windows-x86_64 | 0.11.4 | 29.00 | 280.00 | 309.00 | OK | |
r-patched-linux-x86_64 | 0.11.4 | 31.92 | 192.96 | 224.88 | OK | |
r-release-linux-x86_64 | 0.11.4 | 25.15 | 193.71 | 218.86 | OK | |
r-release-macos-arm64 | 0.11.4 | 105.00 | NOTE | |||
r-release-macos-x86_64 | 0.11.4 | 201.00 | OK | |||
r-release-windows-x86_64 | 0.11.4 | 29.00 | 281.00 | 310.00 | OK | |
r-oldrel-macos-arm64 | 0.11.4 | 101.00 | OK | |||
r-oldrel-macos-x86_64 | 0.11.4 | 188.00 | OK | |||
r-oldrel-windows-x86_64 | 0.11.4 | 37.00 | 340.00 | 377.00 | OK |
Version: 0.11.4
Check: installed package size
Result: NOTE
installed size is 5.0Mb
sub-directories of 1Mb or more:
R 2.1Mb
help 1.2Mb
Flavor: r-release-macos-arm64