Last updated on 2025-02-09 07:52:37 CET.
Flavor | Version | Tinstall | Tcheck | Ttotal | Status | Flags |
---|---|---|---|---|---|---|
r-devel-linux-x86_64-debian-clang | 0.99 | 10.12 | 24.05 | 34.17 | OK | |
r-devel-linux-x86_64-debian-gcc | 0.99 | 7.40 | 18.87 | 26.27 | OK | |
r-devel-linux-x86_64-fedora-clang | 0.99 | 59.81 | NOTE | |||
r-devel-linux-x86_64-fedora-gcc | 0.99 | 56.74 | NOTE | |||
r-devel-windows-x86_64 | 0.99 | 12.00 | 68.00 | 80.00 | OK | |
r-patched-linux-x86_64 | 0.99 | 9.95 | 22.41 | 32.36 | OK | |
r-release-linux-x86_64 | 0.99 | 10.28 | 22.38 | 32.66 | OK | |
r-release-macos-arm64 | 0.99 | 20.00 | OK | |||
r-release-macos-x86_64 | 0.99 | 30.00 | OK | |||
r-release-windows-x86_64 | 0.99 | 12.00 | 65.00 | 77.00 | OK | |
r-oldrel-macos-arm64 | 0.99 | 21.00 | OK | |||
r-oldrel-macos-x86_64 | 0.99 | 35.00 | OK | |||
r-oldrel-windows-x86_64 | 0.99 | 13.00 | 74.00 | 87.00 | OK |
Version: 0.99
Check: compiled code
Result: NOTE
File ‘penMSM/libs/penMSM.so’:
Found no calls to: ‘R_registerRoutines’, ‘R_useDynamicSymbols’
It is good practice to register native routines and to disable symbol
search.
See ‘Writing portable packages’ in the ‘Writing R Extensions’ manual.
Flavors: r-devel-linux-x86_64-fedora-clang, r-devel-linux-x86_64-fedora-gcc