Last updated on 2024-07-16 05:55:58 CEST.
Flavor | Version | Tinstall | Tcheck | Ttotal | Status | Flags |
---|---|---|---|---|---|---|
r-devel-linux-x86_64-debian-clang | 0.6.0 | 112.69 | 271.27 | 383.96 | OK | |
r-devel-linux-x86_64-debian-gcc | 0.6.0 | 94.27 | 195.72 | 289.99 | OK | |
r-devel-linux-x86_64-fedora-clang | 0.6.0 | 374.68 | OK | |||
r-devel-linux-x86_64-fedora-gcc | 0.6.0 | 329.10 | OK | |||
r-devel-windows-x86_64 | 0.6.0 | 87.00 | 322.00 | 409.00 | OK | |
r-patched-linux-x86_64 | 0.6.0 | 106.98 | 254.65 | 361.63 | OK | |
r-release-linux-x86_64 | 0.6.0 | 100.62 | 250.16 | 350.78 | OK | |
r-release-macos-arm64 | 0.6.0 | 109.00 | OK | |||
r-release-macos-x86_64 | 0.6.0 | 168.00 | OK | |||
r-release-windows-x86_64 | 0.6.0 | 87.00 | 315.00 | 402.00 | OK | |
r-oldrel-macos-arm64 | 0.6.0 | 108.00 | OK | |||
r-oldrel-macos-x86_64 | 0.6.0 | 231.00 | NOTE | |||
r-oldrel-windows-x86_64 | 0.6.0 | 116.00 | 359.00 | 475.00 | OK |
Version: 0.6.0
Check: installed package size
Result: NOTE
installed size is 5.4Mb
sub-directories of 1Mb or more:
R 2.0Mb
help 3.2Mb
Flavor: r-oldrel-macos-x86_64