Last updated on 2024-06-30 05:53:14 CEST.
Flavor | Version | Tinstall | Tcheck | Ttotal | Status | Flags |
---|---|---|---|---|---|---|
r-devel-linux-x86_64-debian-clang | 0.1.0 | 345.88 | 269.49 | 615.37 | OK | |
r-devel-linux-x86_64-debian-gcc | 0.1.0 | 295.35 | 224.10 | 519.45 | OK | |
r-devel-linux-x86_64-fedora-clang | 0.1.0 | 756.00 | NOTE | |||
r-devel-linux-x86_64-fedora-gcc | 0.1.0 | 986.96 | NOTE | |||
r-devel-windows-x86_64 | 0.1.0 | 270.00 | 247.00 | 517.00 | OK | |
r-patched-linux-x86_64 | 0.1.0 | 230.59 | 291.96 | 522.55 | OK | |
r-release-linux-x86_64 | 0.1.0 | 266.12 | 295.94 | 562.06 | OK | |
r-release-macos-arm64 | 0.1.0 | 192.00 | NOTE | |||
r-release-macos-x86_64 | 0.1.0 | 461.00 | NOTE | |||
r-release-windows-x86_64 | 0.1.0 | 270.00 | 253.00 | 523.00 | OK | |
r-oldrel-macos-arm64 | 0.1.0 | 187.00 | NOTE | |||
r-oldrel-macos-x86_64 | 0.1.0 | 355.00 | NOTE | |||
r-oldrel-windows-x86_64 | 0.1.0 | 343.00 | 317.00 | 660.00 | OK |
Version: 0.1.0
Check: for GNU extensions in Makefiles
Result: NOTE
GNU make is a SystemRequirements.
Flavors: r-devel-linux-x86_64-fedora-clang, r-devel-linux-x86_64-fedora-gcc, r-release-macos-arm64, r-release-macos-x86_64, r-oldrel-macos-arm64, r-oldrel-macos-x86_64
Version: 0.1.0
Check: installed package size
Result: NOTE
installed size is 84.1Mb
sub-directories of 1Mb or more:
libs 83.6Mb
Flavors: r-release-macos-arm64, r-release-macos-x86_64, r-oldrel-macos-arm64, r-oldrel-macos-x86_64