Last updated on 2025-02-02 05:48:31 CET.
Flavor | Version | Tinstall | Tcheck | Ttotal | Status | Flags |
---|---|---|---|---|---|---|
r-devel-linux-x86_64-debian-clang | 0.0.2 | 5.67 | 77.81 | 83.48 | NOTE | |
r-devel-linux-x86_64-debian-gcc | 0.0.2 | 3.75 | 55.52 | 59.27 | NOTE | |
r-devel-linux-x86_64-fedora-clang | 0.0.2 | 137.79 | OK | |||
r-devel-linux-x86_64-fedora-gcc | 0.0.2 | 142.78 | OK | |||
r-devel-windows-x86_64 | 0.0.2 | 6.00 | 86.00 | 92.00 | NOTE | |
r-patched-linux-x86_64 | 0.0.2 | 10.06 | 73.29 | 83.35 | NOTE | |
r-release-linux-x86_64 | 0.0.2 | 4.97 | 72.52 | 77.49 | NOTE | |
r-release-macos-arm64 | 0.0.2 | 38.00 | NOTE | |||
r-release-macos-x86_64 | 0.0.2 | 70.00 | NOTE | |||
r-release-windows-x86_64 | 0.0.2 | 7.00 | 87.00 | 94.00 | NOTE | |
r-oldrel-macos-arm64 | 0.0.2 | 46.00 | NOTE | |||
r-oldrel-macos-x86_64 | 0.0.2 | 72.00 | NOTE | |||
r-oldrel-windows-x86_64 | 0.0.2 | 8.00 | 100.00 | 108.00 | NOTE |
Version: 0.0.2
Check: Rd cross-references
Result: NOTE
Found the following Rd file(s) with Rd \link{} targets missing package
anchors:
Gb_lab.Rd: ggplot2
plot_coverage.Rd: ggplot2
Please provide package anchors for all Rd \link{} targets not in the
package itself and the base packages.
Flavors: r-devel-linux-x86_64-debian-clang, r-devel-linux-x86_64-debian-gcc, r-devel-windows-x86_64
Version: 0.0.2
Check: LazyData
Result: NOTE
'LazyData' is specified without a 'data' directory
Flavors: r-patched-linux-x86_64, r-release-linux-x86_64, r-release-macos-arm64, r-release-macos-x86_64, r-release-windows-x86_64, r-oldrel-macos-arm64, r-oldrel-macos-x86_64, r-oldrel-windows-x86_64