Last updated on 2024-06-30 05:53:14 CEST.
Flavor | Version | Tinstall | Tcheck | Ttotal | Status | Flags |
---|---|---|---|---|---|---|
r-devel-linux-x86_64-debian-clang | 0.0.2 | 6.28 | 97.69 | 103.97 | NOTE | |
r-devel-linux-x86_64-debian-gcc | 0.0.2 | 5.05 | 73.49 | 78.54 | NOTE | |
r-devel-linux-x86_64-fedora-clang | 0.0.2 | 134.15 | NOTE | |||
r-devel-linux-x86_64-fedora-gcc | 0.0.2 | 140.95 | NOTE | |||
r-devel-windows-x86_64 | 0.0.2 | 7.00 | 87.00 | 94.00 | NOTE | |
r-patched-linux-x86_64 | 0.0.2 | 10.47 | 92.60 | 103.07 | NOTE | |
r-release-linux-x86_64 | 0.0.2 | 6.41 | 95.30 | 101.71 | NOTE | |
r-release-macos-arm64 | 0.0.2 | 38.00 | NOTE | |||
r-release-macos-x86_64 | 0.0.2 | 70.00 | NOTE | |||
r-release-windows-x86_64 | 0.0.2 | 8.00 | 87.00 | 95.00 | NOTE | |
r-oldrel-macos-arm64 | 0.0.2 | 46.00 | NOTE | |||
r-oldrel-macos-x86_64 | 0.0.2 | 72.00 | NOTE | |||
r-oldrel-windows-x86_64 | 0.0.2 | 8.00 | 103.00 | 111.00 | NOTE |
Version: 0.0.2
Check: LazyData
Result: NOTE
'LazyData' is specified without a 'data' directory
Flavors: r-devel-linux-x86_64-debian-clang, r-devel-linux-x86_64-debian-gcc, r-devel-linux-x86_64-fedora-clang, r-devel-linux-x86_64-fedora-gcc, r-devel-windows-x86_64, r-patched-linux-x86_64, r-release-linux-x86_64, r-release-macos-arm64, r-release-macos-x86_64, r-release-windows-x86_64, r-oldrel-macos-arm64, r-oldrel-macos-x86_64, r-oldrel-windows-x86_64