Last updated on 2024-06-30 05:53:14 CEST.
Flavor | Version | Tinstall | Tcheck | Ttotal | Status | Flags |
---|---|---|---|---|---|---|
r-devel-linux-x86_64-debian-clang | 0.5.0 | 3.79 | 38.11 | 41.90 | OK | |
r-devel-linux-x86_64-debian-gcc | 0.5.0 | 3.31 | 28.34 | 31.65 | OK | |
r-devel-linux-x86_64-fedora-clang | 0.5.0 | 52.32 | NOTE | |||
r-devel-linux-x86_64-fedora-gcc | 0.5.0 | 48.72 | OK | |||
r-devel-windows-x86_64 | 0.5.0 | 6.00 | 62.00 | 68.00 | OK | |
r-patched-linux-x86_64 | 0.5.0 | 6.05 | 36.13 | 42.18 | OK | |
r-release-linux-x86_64 | 0.5.0 | 4.28 | 36.60 | 40.88 | OK | |
r-release-macos-arm64 | 0.5.0 | 20.00 | OK | |||
r-release-macos-x86_64 | 0.5.0 | 30.00 | OK | |||
r-release-windows-x86_64 | 0.5.0 | 5.00 | 63.00 | 68.00 | OK | |
r-oldrel-macos-arm64 | 0.5.0 | 25.00 | OK | |||
r-oldrel-macos-x86_64 | 0.5.0 | 38.00 | OK | |||
r-oldrel-windows-x86_64 | 0.5.0 | 7.00 | 68.00 | 75.00 | OK |
Version: 0.5.0
Check: Rd cross-references
Result: NOTE
Undeclared package ‘mime’ in Rd xrefs
Flavor: r-devel-linux-x86_64-fedora-clang