Last updated on 2024-06-30 05:53:14 CEST.
Flavor | Version | Tinstall | Tcheck | Ttotal | Status | Flags |
---|---|---|---|---|---|---|
r-devel-linux-x86_64-debian-clang | 0.4.0 | 14.69 | 229.63 | 244.32 | OK | |
r-devel-linux-x86_64-debian-gcc | 0.4.0 | 12.73 | 170.06 | 182.79 | OK | |
r-devel-linux-x86_64-fedora-clang | 0.4.0 | 321.05 | NOTE | |||
r-devel-linux-x86_64-fedora-gcc | 0.4.0 | 311.38 | NOTE | |||
r-devel-windows-x86_64 | 0.4.0 | 15.00 | 193.00 | 208.00 | OK | |
r-patched-linux-x86_64 | 0.4.0 | 9.75 | 223.37 | 233.12 | OK | |
r-release-linux-x86_64 | 0.4.0 | 10.03 | 236.13 | 246.16 | OK | |
r-release-macos-arm64 | 0.4.0 | 99.00 | OK | |||
r-release-macos-x86_64 | 0.4.0 | 145.00 | OK | |||
r-release-windows-x86_64 | 0.4.0 | 15.00 | 198.00 | 213.00 | OK | |
r-oldrel-macos-arm64 | 0.4.0 | 113.00 | OK | |||
r-oldrel-macos-x86_64 | 0.4.0 | 187.00 | OK | |||
r-oldrel-windows-x86_64 | 0.4.0 | 18.00 | 225.00 | 243.00 | OK |
Version: 0.4.0
Check: dependencies in R code
Result: NOTE
Namespaces in Imports field not imported from:
‘dplyr’ ‘e1071’ ‘pROC’ ‘purrr’ ‘randomForest’ ‘rlang’
All declared Imports should be used.
Flavors: r-devel-linux-x86_64-fedora-clang, r-devel-linux-x86_64-fedora-gcc