CRAN Package Check Results for Package nascaR.data

Last updated on 2025-02-02 05:48:30 CET.

Flavor Version Tinstall Tcheck Ttotal Status Flags
r-devel-linux-x86_64-debian-clang 2.1.0 8.74 46.05 54.79 NOTE
r-devel-linux-x86_64-debian-gcc 2.1.0 5.85 32.64 38.49 NOTE
r-devel-linux-x86_64-fedora-clang 2.1.0 84.74 NOTE
r-devel-linux-x86_64-fedora-gcc 2.1.0 83.57 NOTE
r-devel-windows-x86_64 2.1.0 10.00 62.00 72.00 NOTE
r-patched-linux-x86_64 2.1.0 7.80 42.17 49.97 OK
r-release-linux-x86_64 2.1.0 8.55 42.49 51.04 OK
r-release-macos-arm64 2.1.0 38.00 OK
r-release-macos-x86_64 2.1.0 95.00 OK
r-release-windows-x86_64 2.1.0 10.00 62.00 72.00 OK
r-oldrel-macos-arm64 1.0.0 39.00 OK
r-oldrel-macos-x86_64 1.0.0 87.00 OK
r-oldrel-windows-x86_64 2.1.0 12.00 69.00 81.00 OK

Check Details

Version: 2.1.0
Check: DESCRIPTION meta-information
Result: NOTE Missing dependency on R >= 4.1.0 because package code uses the pipe |> or function shorthand \(...) syntax added in R 4.1.0. File(s) using such syntax: ‘get_driver.R’ ‘get_manufacturer.R’ ‘get_team.R’ ‘utils.R’ Flavors: r-devel-linux-x86_64-debian-clang, r-devel-linux-x86_64-debian-gcc, r-devel-linux-x86_64-fedora-clang, r-devel-linux-x86_64-fedora-gcc, r-devel-windows-x86_64