Last updated on 2024-08-06 05:49:28 CEST.
Flavor | Version | Tinstall | Tcheck | Ttotal | Status | Flags |
---|---|---|---|---|---|---|
r-devel-linux-x86_64-debian-clang | 2.0.3 | 243.44 | 103.98 | 347.42 | OK | |
r-devel-linux-x86_64-debian-gcc | 2.0.3 | 128.06 | 63.74 | 191.80 | OK | |
r-devel-linux-x86_64-fedora-clang | 2.0.3 | 559.01 | OK | |||
r-devel-linux-x86_64-fedora-gcc | 2.0.3 | 543.90 | OK | |||
r-devel-windows-x86_64 | 2.0.3 | 190.00 | 124.00 | 314.00 | OK | |
r-patched-linux-x86_64 | 2.0.3 | 161.04 | 78.75 | 239.79 | OK | |
r-release-linux-x86_64 | 2.0.3 | 151.36 | 93.99 | 245.35 | OK | |
r-release-macos-arm64 | 2.0.3 | 137.00 | NOTE | |||
r-release-macos-x86_64 | 2.0.3 | 128.00 | NOTE | |||
r-release-windows-x86_64 | 2.0.3 | 192.00 | 126.00 | 318.00 | OK | |
r-oldrel-macos-arm64 | 2.0.3 | 124.00 | NOTE | |||
r-oldrel-macos-x86_64 | 2.0.3 | 181.00 | NOTE | |||
r-oldrel-windows-x86_64 | 2.0.3 | 241.00 | 149.00 | 390.00 | OK |
Version: 2.0.3
Check: installed package size
Result: NOTE
installed size is 13.2Mb
sub-directories of 1Mb or more:
libs 11.9Mb
Flavors: r-release-macos-arm64, r-release-macos-x86_64, r-oldrel-macos-arm64, r-oldrel-macos-x86_64