Last updated on 2024-06-30 05:53:13 CEST.
Flavor | Version | Tinstall | Tcheck | Ttotal | Status | Flags |
---|---|---|---|---|---|---|
r-devel-linux-x86_64-debian-clang | 1.2.2 | 202.11 | 33.46 | 235.57 | OK | |
r-devel-linux-x86_64-debian-gcc | 1.2.2 | 149.18 | 25.39 | 174.57 | OK | |
r-devel-linux-x86_64-fedora-clang | 1.2.2 | 326.13 | OK | |||
r-devel-linux-x86_64-fedora-gcc | 1.2.2 | 375.80 | OK | |||
r-devel-windows-x86_64 | 1.2.2 | 148.00 | 73.00 | 221.00 | OK | |
r-patched-linux-x86_64 | 1.2.2 | 162.96 | 31.93 | 194.89 | OK | |
r-release-linux-x86_64 | 1.2.2 | 171.06 | 31.65 | 202.71 | OK | |
r-release-macos-arm64 | 1.2.2 | 61.00 | NOTE | |||
r-release-macos-x86_64 | 1.2.2 | 70.00 | NOTE | |||
r-release-windows-x86_64 | 1.2.2 | 147.00 | 75.00 | 222.00 | OK | |
r-oldrel-macos-arm64 | 1.2.2 | 68.00 | NOTE | |||
r-oldrel-macos-x86_64 | 1.2.2 | 102.00 | NOTE | |||
r-oldrel-windows-x86_64 | 1.2.2 | 181.00 | 83.00 | 264.00 | OK |
Version: 1.2.2
Check: installed package size
Result: NOTE
installed size is 10.6Mb
sub-directories of 1Mb or more:
libs 10.4Mb
Flavors: r-release-macos-arm64, r-release-macos-x86_64, r-oldrel-macos-arm64, r-oldrel-macos-x86_64