Last updated on 2024-08-06 05:49:28 CEST.
Flavor | Version | Tinstall | Tcheck | Ttotal | Status | Flags |
---|---|---|---|---|---|---|
r-devel-linux-x86_64-debian-clang | 1.0.0 | 3.74 | 21.82 | 25.56 | NOTE | |
r-devel-linux-x86_64-debian-gcc | 1.0.0 | 1.96 | 13.96 | 15.92 | NOTE | |
r-devel-linux-x86_64-fedora-clang | 1.0.0 | 31.23 | NOTE | |||
r-devel-linux-x86_64-fedora-gcc | 1.0.0 | 29.14 | NOTE | |||
r-devel-windows-x86_64 | 1.0.0 | 7.00 | 39.00 | 46.00 | NOTE | |
r-patched-linux-x86_64 | 1.0.0 | 3.05 | 16.50 | 19.55 | NOTE | |
r-release-linux-x86_64 | 1.0.0 | 2.40 | 21.05 | 23.45 | NOTE | |
r-release-macos-arm64 | 1.0.0 | 17.00 | NOTE | |||
r-release-macos-x86_64 | 1.0.0 | 27.00 | NOTE | |||
r-release-windows-x86_64 | 1.0.0 | 8.00 | 37.00 | 45.00 | NOTE | |
r-oldrel-macos-arm64 | 1.0.0 | 16.00 | NOTE | |||
r-oldrel-macos-x86_64 | 1.0.0 | 20.00 | NOTE | |||
r-oldrel-windows-x86_64 | 1.0.0 | 7.00 | 44.00 | 51.00 | NOTE |
Version: 1.0.0
Check: LazyData
Result: NOTE
'LazyData' is specified without a 'data' directory
Flavors: r-devel-linux-x86_64-debian-clang, r-devel-linux-x86_64-debian-gcc, r-devel-linux-x86_64-fedora-clang, r-devel-linux-x86_64-fedora-gcc, r-devel-windows-x86_64, r-patched-linux-x86_64, r-release-linux-x86_64, r-release-macos-arm64, r-release-macos-x86_64, r-release-windows-x86_64, r-oldrel-macos-arm64, r-oldrel-macos-x86_64, r-oldrel-windows-x86_64
Version: 1.0.0
Check: installed package size
Result: NOTE
installed size is 15.7Mb
sub-directories of 1Mb or more:
images 1.1Mb
shiny 14.6Mb
Flavors: r-devel-linux-x86_64-fedora-clang, r-devel-windows-x86_64, r-release-macos-arm64, r-release-macos-x86_64, r-release-windows-x86_64, r-oldrel-macos-arm64, r-oldrel-macos-x86_64, r-oldrel-windows-x86_64
Version: 1.0.0
Check: dependencies in R code
Result: NOTE
Namespaces in Imports field not imported from:
‘Cairo’ ‘DT’ ‘XML’ ‘caTools’ ‘data.table’ ‘dplyr’ ‘ggplot2’
‘htmltools’ ‘leaflet’ ‘lubridate’ ‘plotly’ ‘shinyjs’ ‘stringr’ ‘xts’
‘zoo’
All declared Imports should be used.
Flavors: r-devel-linux-x86_64-fedora-clang, r-devel-linux-x86_64-fedora-gcc