Last updated on 2024-06-30 05:53:12 CEST.
Flavor | Version | Tinstall | Tcheck | Ttotal | Status | Flags |
---|---|---|---|---|---|---|
r-devel-linux-x86_64-debian-clang | 2.2.1 | 97.82 | 549.78 | 647.60 | OK | |
r-devel-linux-x86_64-debian-gcc | 2.2.1 | 72.48 | 415.12 | 487.60 | OK | |
r-devel-linux-x86_64-fedora-clang | 2.2.1 | 809.96 | NOTE | |||
r-devel-linux-x86_64-fedora-gcc | 2.2.1 | 837.43 | NOTE | |||
r-devel-windows-x86_64 | 2.2.1 | 83.00 | 398.00 | 481.00 | OK | |
r-patched-linux-x86_64 | 2.2.1 | 54.96 | 530.15 | 585.11 | OK | |
r-release-linux-x86_64 | 2.2.1 | 62.11 | 532.88 | 594.99 | OK | |
r-release-macos-arm64 | 2.2.1 | 187.00 | OK | |||
r-release-macos-x86_64 | 2.2.1 | 324.00 | OK | |||
r-release-windows-x86_64 | 2.2.1 | 80.00 | 401.00 | 481.00 | OK | |
r-oldrel-macos-arm64 | 2.2.1 | 179.00 | OK | |||
r-oldrel-macos-x86_64 | 2.2.1 | 560.00 | OK | |||
r-oldrel-windows-x86_64 | 2.2.1 | 100.00 | 440.00 | 540.00 | OK |
Version: 2.2.1
Check: data for non-ASCII characters
Result: NOTE
Note: found 3300 marked UTF-8 strings
Flavors: r-devel-linux-x86_64-fedora-clang, r-devel-linux-x86_64-fedora-gcc