Last updated on 2025-02-03 05:49:12 CET.
Flavor | Version | Tinstall | Tcheck | Ttotal | Status | Flags |
---|---|---|---|---|---|---|
r-devel-linux-x86_64-debian-clang | 0.3-11 | 9.06 | 75.17 | 84.23 | NOTE | |
r-devel-linux-x86_64-debian-gcc | 0.3-11 | 6.36 | 57.21 | 63.57 | NOTE | |
r-devel-linux-x86_64-fedora-clang | 0.3-11 | 133.04 | OK | |||
r-devel-linux-x86_64-fedora-gcc | 0.3-11 | 133.25 | OK | |||
r-devel-windows-x86_64 | 0.3-11 | 9.00 | 100.00 | 109.00 | NOTE | |
r-patched-linux-x86_64 | 0.3-11 | 9.32 | 70.70 | 80.02 | OK | |
r-release-linux-x86_64 | 0.3-11 | 7.96 | 72.43 | 80.39 | OK | |
r-release-macos-arm64 | 0.3-11 | 43.00 | OK | |||
r-release-macos-x86_64 | 0.3-11 | 61.00 | OK | |||
r-release-windows-x86_64 | 0.3-11 | 9.00 | 90.00 | 99.00 | OK | |
r-oldrel-macos-arm64 | 0.3-11 | 60.00 | OK | |||
r-oldrel-macos-x86_64 | 0.3-11 | 130.00 | OK | |||
r-oldrel-windows-x86_64 | 0.3-11 | 11.00 | 108.00 | 119.00 | OK |
Version: 0.3-11
Check: Rd cross-references
Result: NOTE
Found the following Rd file(s) with Rd \link{} targets missing package
anchors:
Xtab.Rd: sparseMatrix
Please provide package anchors for all Rd \link{} targets not in the
package itself and the base packages.
Flavors: r-devel-linux-x86_64-debian-clang, r-devel-linux-x86_64-debian-gcc, r-devel-windows-x86_64