CRAN Package Check Results for Package mcclust

Last updated on 2025-02-09 07:52:34 CET.

Flavor Version Tinstall Tcheck Ttotal Status Flags
r-devel-linux-x86_64-debian-clang 1.0.1 2.73 27.08 29.81 OK
r-devel-linux-x86_64-debian-gcc 1.0.1 2.30 21.15 23.45 OK
r-devel-linux-x86_64-fedora-clang 1.0.1 49.01 NOTE
r-devel-linux-x86_64-fedora-gcc 1.0.1 48.00 NOTE
r-devel-windows-x86_64 1.0.1 7.00 56.00 63.00 OK
r-patched-linux-x86_64 1.0.1 2.95 27.29 30.24 OK
r-release-linux-x86_64 1.0.1 2.45 26.93 29.38 OK
r-release-macos-arm64 1.0.1 33.00 OK
r-release-macos-x86_64 1.0.1 34.00 OK
r-release-windows-x86_64 1.0.1 6.00 55.00 61.00 OK
r-oldrel-macos-arm64 1.0.1 22.00 OK
r-oldrel-macos-x86_64 1.0.1 30.00 OK
r-oldrel-windows-x86_64 1.0.1 6.00 60.00 66.00 OK

Check Details

Version: 1.0.1
Check: compiled code
Result: NOTE File ‘mcclust/libs/mcclust.so’: Found no calls to: ‘R_registerRoutines’, ‘R_useDynamicSymbols’ It is good practice to register native routines and to disable symbol search. See ‘Writing portable packages’ in the ‘Writing R Extensions’ manual. Flavors: r-devel-linux-x86_64-fedora-clang, r-devel-linux-x86_64-fedora-gcc