Last updated on 2024-06-30 05:53:12 CEST.
Flavor | Version | Tinstall | Tcheck | Ttotal | Status | Flags |
---|---|---|---|---|---|---|
r-devel-linux-x86_64-debian-clang | 0.2.79 | 68.39 | 322.85 | 391.24 | OK | |
r-devel-linux-x86_64-debian-gcc | 0.2.79 | 52.59 | 240.54 | 293.13 | OK | |
r-devel-linux-x86_64-fedora-clang | 0.2.79 | 499.02 | NOTE | |||
r-devel-linux-x86_64-fedora-gcc | 0.2.79 | 521.67 | NOTE | |||
r-devel-windows-x86_64 | 0.2.79 | 70.00 | 288.00 | 358.00 | OK | |
r-patched-linux-x86_64 | 0.2.79 | 63.55 | 309.30 | 372.85 | OK | |
r-release-linux-x86_64 | 0.2.79 | 66.25 | 309.89 | 376.14 | OK | |
r-release-macos-arm64 | 0.2.79 | 156.00 | NOTE | |||
r-release-macos-x86_64 | 0.2.79 | 233.00 | NOTE | |||
r-release-windows-x86_64 | 0.2.79 | 67.00 | 290.00 | 357.00 | OK | |
r-oldrel-macos-arm64 | 0.2.79 | 179.00 | NOTE | |||
r-oldrel-macos-x86_64 | 0.2.79 | 385.00 | NOTE | |||
r-oldrel-windows-x86_64 | 0.2.79 | 84.00 | 354.00 | 438.00 | OK |
Version: 0.2.79
Check: dependencies in R code
Result: NOTE
Namespace in Imports field not imported from: ‘softImpute’
All declared Imports should be used.
Flavors: r-devel-linux-x86_64-fedora-clang, r-devel-linux-x86_64-fedora-gcc
Version: 0.2.79
Check: installed package size
Result: NOTE
installed size is 8.3Mb
sub-directories of 1Mb or more:
libs 7.4Mb
Flavors: r-release-macos-arm64, r-release-macos-x86_64, r-oldrel-macos-arm64, r-oldrel-macos-x86_64